Last updated on 2025-10-30 18:50:09 CET.
| Flavor | Version | Tinstall | Tcheck | Ttotal | Status | Flags | 
|---|---|---|---|---|---|---|
| r-devel-linux-x86_64-debian-clang | 1.0.0 | 1.75 | 20.21 | 21.96 | OK | |
| r-devel-linux-x86_64-debian-gcc | 1.0.0 | 1.41 | 17.28 | 18.69 | OK | |
| r-devel-linux-x86_64-fedora-clang | 1.0.0 | 31.56 | OK | |||
| r-devel-linux-x86_64-fedora-gcc | 1.0.0 | 29.71 | OK | |||
| r-devel-windows-x86_64 | 1.0.0 | 3.00 | 38.00 | 41.00 | OK | |
| r-patched-linux-x86_64 | 1.0.0 | 1.63 | 18.40 | 20.03 | OK | |
| r-release-linux-x86_64 | 1.0.0 | 1.64 | 18.29 | 19.93 | OK | |
| r-release-macos-arm64 | 1.0.0 | 1.00 | 14.00 | 15.00 | OK | |
| r-release-macos-x86_64 | 1.0.0 | 2.00 | 23.00 | 25.00 | OK | |
| r-release-windows-x86_64 | 1.0.0 | 4.00 | 38.00 | 42.00 | OK | |
| r-oldrel-macos-arm64 | 1.0.0 | 1.00 | 12.00 | 13.00 | NOTE | |
| r-oldrel-macos-x86_64 | 1.0.0 | 1.00 | 19.00 | 20.00 | NOTE | |
| r-oldrel-windows-x86_64 | 1.0.0 | 5.00 | 42.00 | 47.00 | NOTE | 
Version: 1.0.0
Check: LazyData
Result: NOTE
    'LazyData' is specified without a 'data' directory
Flavors: r-oldrel-macos-arm64, r-oldrel-macos-x86_64, r-oldrel-windows-x86_64