Last updated on 2025-10-30 18:50:09 CET.
| Flavor | Version | Tinstall | Tcheck | Ttotal | Status | Flags | 
|---|---|---|---|---|---|---|
| r-devel-linux-x86_64-debian-clang | 0.1.11 | 6.44 | 58.99 | 65.43 | NOTE | |
| r-devel-linux-x86_64-debian-gcc | 0.1.11 | 4.26 | 45.03 | 49.29 | NOTE | |
| r-devel-linux-x86_64-fedora-clang | 0.1.11 | 13.00 | 85.57 | 98.57 | OK | |
| r-devel-linux-x86_64-fedora-gcc | 0.1.11 | 13.00 | 94.26 | 107.26 | OK | |
| r-devel-windows-x86_64 | 0.1.11 | 7.00 | 80.00 | 87.00 | OK | |
| r-patched-linux-x86_64 | 0.1.11 | 7.27 | 56.24 | 63.51 | OK | |
| r-release-linux-x86_64 | 0.1.11 | 5.66 | 56.05 | 61.71 | OK | |
| r-release-macos-arm64 | 0.1.11 | 3.00 | 42.00 | 45.00 | OK | |
| r-release-macos-x86_64 | 0.1.11 | 5.00 | 69.00 | 74.00 | OK | |
| r-release-windows-x86_64 | 0.1.11 | 9.00 | 84.00 | 93.00 | OK | |
| r-oldrel-macos-arm64 | 0.1.11 | 2.00 | 31.00 | 33.00 | OK | |
| r-oldrel-macos-x86_64 | 0.1.11 | 4.00 | 50.00 | 54.00 | OK | |
| r-oldrel-windows-x86_64 | 0.1.11 | 8.00 | 101.00 | 109.00 | OK | 
Version: 0.1.11
Check: CRAN incoming feasibility
Result: NOTE
  Maintainer: ‘Joris Meys <Joris.Meys@UGent.be>’
  
  Found the following URLs which should use \doi (with the DOI name only):
    File ‘drugTargetInteraction.Rd’:
      https://doi.org/10.1093/bioinformatics/btn162
    File ‘loo.Rd’:
      http://doi.org/10.1093/bib/bby095
    File ‘proteinInteraction.Rd’:
      https://doi.org/10.1093/bioinformatics/bth910
    File ‘xnet-package.Rd’:
      http://doi.org/10.1093/bib/bby095
Flavors: r-devel-linux-x86_64-debian-clang, r-devel-linux-x86_64-debian-gcc