CRAN Package Check Results for Package wyz.code.testthat

Last updated on 2025-07-25 20:49:46 CEST.

Flavor Version Tinstall Tcheck Ttotal Status Flags
r-devel-linux-x86_64-debian-clang 1.1.20 5.59 44.45 50.04 NOTE
r-devel-linux-x86_64-debian-gcc 1.1.20 3.62 32.43 36.05 NOTE
r-devel-linux-x86_64-fedora-clang 1.1.20 78.93 OK
r-devel-linux-x86_64-fedora-gcc 1.1.20 86.31 OK
r-devel-windows-x86_64 1.1.20 6.00 69.00 75.00 OK
r-patched-linux-x86_64 1.1.20 4.54 41.22 45.76 OK
r-release-linux-x86_64 1.1.20 4.41 41.52 45.93 OK
r-release-macos-arm64 1.1.20 32.00 OK
r-release-macos-x86_64 1.1.20 73.00 OK
r-release-windows-x86_64 1.1.20 7.00 61.00 68.00 OK
r-oldrel-macos-arm64 1.1.20 34.00 OK
r-oldrel-macos-x86_64 1.1.20 51.00 OK
r-oldrel-windows-x86_64 1.1.20 7.00 70.00 77.00 OK

Check Details

Version: 1.1.20
Check: CRAN incoming feasibility
Result: NOTE Maintainer: ‘Fabien Gelineau <neonira@gmail.com>’ No Authors@R field in DESCRIPTION. Please add one, modifying Authors@R: person(given = "Fabien", family = "Gelineau", role = c("aut", "cre"), email = "neonira@gmail.com") as necessary. Flavors: r-devel-linux-x86_64-debian-clang, r-devel-linux-x86_64-debian-gcc