Last updated on 2025-10-21 19:51:43 CEST.
Flavor | Version | Tinstall | Tcheck | Ttotal | Status | Flags |
---|---|---|---|---|---|---|
r-devel-linux-x86_64-debian-clang | 0.0.9 | 2.15 | 40.42 | 42.57 | NOTE | |
r-devel-linux-x86_64-debian-gcc | 0.0.9 | 1.72 | 30.94 | 32.66 | NOTE | |
r-devel-linux-x86_64-fedora-clang | 0.0.9 | 10.00 | 53.83 | 63.83 | OK | |
r-devel-linux-x86_64-fedora-gcc | 0.0.9 | 74.84 | OK | |||
r-devel-windows-x86_64 | 0.0.9 | 4.00 | 60.00 | 64.00 | OK | |
r-patched-linux-x86_64 | 0.0.9 | 2.33 | 37.31 | 39.64 | OK | |
r-release-linux-x86_64 | 0.0.9 | 2.12 | 37.09 | 39.21 | OK | |
r-release-macos-arm64 | 0.0.9 | 1.00 | 30.00 | 31.00 | OK | |
r-release-macos-x86_64 | 0.0.9 | 2.00 | 56.00 | 58.00 | OK | |
r-release-windows-x86_64 | 0.0.9 | 5.00 | 62.00 | 67.00 | OK | |
r-oldrel-macos-arm64 | 0.0.9 | 1.00 | 30.00 | 31.00 | OK | |
r-oldrel-macos-x86_64 | 0.0.9 | 2.00 | 44.00 | 46.00 | OK | |
r-oldrel-windows-x86_64 | 0.0.9 | 6.00 | 71.00 | 77.00 | OK |
Version: 0.0.9
Check: HTML version of manual
Result: NOTE
Found the following HTML validation problems:
givens_info.html:54:1 (givens_info.Rd:14): Warning: missing </ul> before </div>
givens_step_fraction.html:50:1 (givens_step_fraction.Rd:12): Warning: missing </ul> before </div>
Flavors: r-devel-linux-x86_64-debian-clang, r-devel-linux-x86_64-debian-gcc