Last updated on 2025-10-10 08:50:27 CEST.
Flavor | Version | Tinstall | Tcheck | Ttotal | Status | Flags |
---|---|---|---|---|---|---|
r-devel-linux-x86_64-debian-clang | 1.24.1 | 18.54 | 34.00 | 52.54 | OK | |
r-devel-linux-x86_64-debian-gcc | 1.24.1 | 16.98 | 25.77 | 42.75 | OK | |
r-devel-linux-x86_64-fedora-clang | 1.24.1 | 81.41 | NOTE | |||
r-devel-linux-x86_64-fedora-gcc | 1.24.1 | 74.18 | NOTE | |||
r-devel-windows-x86_64 | 1.24.1 | 21.00 | 63.00 | 84.00 | OK | |
r-patched-linux-x86_64 | 1.24.1 | 18.99 | 31.93 | 50.92 | OK | |
r-release-linux-x86_64 | 1.24.1 | 18.31 | 31.65 | 49.96 | OK | |
r-release-macos-arm64 | 1.24.1 | 34.00 | OK | |||
r-release-macos-x86_64 | 1.24.1 | 54.00 | OK | |||
r-release-windows-x86_64 | 1.24.1 | 20.00 | 70.00 | 90.00 | OK | |
r-oldrel-macos-arm64 | 1.24.1 | 36.00 | OK | |||
r-oldrel-macos-x86_64 | 1.24.1 | 46.00 | OK | |||
r-oldrel-windows-x86_64 | 1.24.1 | 19.00 | 61.00 | 80.00 | OK |
Version: 1.24.1
Check: dependencies in R code
Result: NOTE
Namespace in Imports field not imported from: ‘methods’
All declared Imports should be used.
Flavors: r-devel-linux-x86_64-fedora-clang, r-devel-linux-x86_64-fedora-gcc