Last updated on 2025-07-27 08:48:46 CEST.
Flavor | Version | Tinstall | Tcheck | Ttotal | Status | Flags |
---|---|---|---|---|---|---|
r-devel-linux-x86_64-debian-clang | 1.0.2 | 9.55 | 85.77 | 95.32 | NOTE | |
r-devel-linux-x86_64-debian-gcc | 1.0.3 | 6.91 | 62.64 | 69.55 | OK | |
r-devel-linux-x86_64-fedora-clang | 1.0.2 | 145.20 | OK | |||
r-devel-linux-x86_64-fedora-gcc | 1.0.3 | 144.42 | OK | |||
r-devel-windows-x86_64 | 1.0.3 | 10.00 | 94.00 | 104.00 | OK | |
r-patched-linux-x86_64 | 1.0.2 | 7.85 | 81.38 | 89.23 | NOTE | |
r-release-linux-x86_64 | 1.0.2 | 10.03 | 80.79 | 90.82 | NOTE | |
r-release-macos-arm64 | 1.0.2 | 39.00 | OK | |||
r-release-macos-x86_64 | 1.0.3 | 83.00 | OK | |||
r-release-windows-x86_64 | 1.0.3 | 11.00 | 91.00 | 102.00 | OK | |
r-oldrel-macos-arm64 | 1.0.2 | 37.00 | OK | |||
r-oldrel-macos-x86_64 | 1.0.3 | 85.00 | OK | |||
r-oldrel-windows-x86_64 | 1.0.2 | 14.00 | 117.00 | 131.00 | OK |
Version: 1.0.2
Check: CRAN incoming feasibility
Result: NOTE
Maintainer: ‘Sarah Rathwell <srathwel@ualberta.ca>’
The BugReports field in DESCRIPTION has
https://github.com/sarah-0k/wcep
which should likely be
https://github.com/sarah-0k/wcep/issues
instead.
Flavor: r-devel-linux-x86_64-debian-clang
Version: 1.0.2
Check: Rd cross-references
Result: NOTE
Found the following Rd file(s) with Rd \link{} targets missing package
anchors:
wcep.Rd: coxph
Please provide package anchors for all Rd \link{} targets not in the
package itself and the base packages.
Flavors: r-devel-linux-x86_64-debian-clang, r-patched-linux-x86_64, r-release-linux-x86_64