Last updated on 2025-10-10 08:50:27 CEST.
Flavor | Version | Tinstall | Tcheck | Ttotal | Status | Flags |
---|---|---|---|---|---|---|
r-devel-linux-x86_64-debian-clang | 0.3.6 | 13.61 | 192.70 | 206.31 | OK | |
r-devel-linux-x86_64-debian-gcc | 0.3.6 | 9.71 | 145.47 | 155.18 | OK | |
r-devel-linux-x86_64-fedora-clang | 0.3.6 | 341.95 | OK | |||
r-devel-linux-x86_64-fedora-gcc | 0.3.6 | 344.67 | OK | |||
r-devel-windows-x86_64 | 0.3.6 | 17.00 | 212.00 | 229.00 | WARN | |
r-patched-linux-x86_64 | 0.3.6 | 13.56 | 187.35 | 200.91 | OK | |
r-release-linux-x86_64 | 0.3.6 | 10.57 | 189.95 | 200.52 | OK | |
r-release-macos-arm64 | 0.3.6 | 96.00 | OK | |||
r-release-macos-x86_64 | 0.3.6 | 212.00 | OK | |||
r-release-windows-x86_64 | 0.3.6 | 17.00 | 206.00 | 223.00 | OK | |
r-oldrel-macos-arm64 | 0.3.6 | 114.00 | OK | |||
r-oldrel-macos-x86_64 | 0.3.6 | 249.00 | OK | |||
r-oldrel-windows-x86_64 | 0.3.6 | 22.00 | 257.00 | 279.00 | OK |
Version: 0.3.6
Check: whether package can be installed
Result: WARN
Found the following significant warnings:
Warning: S3 methods '$<-.grouped_df', '[.fun_list', '[.grouped_df', '[.rowwise_df', '[<-.grouped_df', '[<-.rowwise_df', '[[<-.grouped_df', 'names<-.grouped_df', 'names<-.rowwise_df', 'add_count.data.frame', 'add_count.default', 'anti_join.data.frame', 'arrange.data.frame', 'arrange_.data.frame', 'arrange_.tbl_df', 'as.data.frame.grouped_df', 'as.tbl.data.frame', 'as.tbl.tbl', 'as_join_by.character', 'as_join_by.default', 'as_join_by.dplyr_join_by', 'as_join_by.list', 'as_tibble.grouped_df', 'as_tibble.rowwise_df', 'auto_copy.data.frame', 'cbind.grouped_df', 'collapse.data.frame', 'collect.data.frame', 'common_by.NULL', 'common_by.character', 'common_by.default', 'common_by.list', 'compute.data.frame', 'copy_to.DBIConnection', 'copy_to.src_local', 'count.data.frame', 'cross_join.data.frame', 'distinct.data.frame', 'distinct_.data.frame', 'distinct_.grouped_df', 'distinct_.tbl_df', 'do.NULL', 'do.data.frame', 'do.grouped_df', 'do.rowwise_df', 'do_.NULL', 'do_.data.frame', 'do_.grouped_df', 'do_.r [... truncated]
Flavor: r-devel-windows-x86_64