CRAN Package Check Results for Package usdarnass

Last updated on 2025-10-22 08:49:32 CEST.

Flavor Version Tinstall Tcheck Ttotal Status Flags
r-devel-linux-x86_64-debian-clang 0.1.0 1.82 28.43 30.25 OK
r-devel-linux-x86_64-debian-gcc 0.1.0 1.50 23.53 25.03 OK
r-devel-linux-x86_64-fedora-clang 0.1.0 46.30 OK
r-devel-linux-x86_64-fedora-gcc 0.1.0 56.61 OK
r-devel-windows-x86_64 0.1.0 4.00 48.00 52.00 OK
r-patched-linux-x86_64 0.1.0 2.09 26.08 28.17 OK
r-release-linux-x86_64 0.1.0 1.96 26.53 28.49 OK
r-release-macos-arm64 0.1.0 1.00 26.00 27.00 OK
r-release-macos-x86_64 0.1.0 2.00 42.00 44.00 OK
r-release-windows-x86_64 0.1.0 6.00 50.00 56.00 OK
r-oldrel-macos-arm64 0.1.0 1.00 24.00 25.00 NOTE
r-oldrel-macos-x86_64 0.1.0 2.00 33.00 35.00 NOTE
r-oldrel-windows-x86_64 0.1.0 5.00 55.00 60.00 NOTE

Check Details

Version: 0.1.0
Check: LazyData
Result: NOTE 'LazyData' is specified without a 'data' directory Flavors: r-oldrel-macos-arm64, r-oldrel-macos-x86_64, r-oldrel-windows-x86_64