CRAN Package Check Results for Package unitedR

Last updated on 2025-10-21 19:51:42 CEST.

Flavor Version Tinstall Tcheck Ttotal Status Flags
r-devel-linux-x86_64-debian-clang 0.4 5.19 37.51 42.70 NOTE
r-devel-linux-x86_64-debian-gcc 0.4 3.22 28.21 31.43 NOTE
r-devel-linux-x86_64-fedora-clang 0.4 19.00 49.57 68.57 NOTE
r-devel-linux-x86_64-fedora-gcc 0.4 76.89 NOTE
r-devel-windows-x86_64 0.4 6.00 60.00 66.00 NOTE
r-patched-linux-x86_64 0.4 4.95 35.87 40.82 NOTE
r-release-linux-x86_64 0.4 4.19 35.74 39.93 NOTE
r-release-macos-arm64 0.4 2.00 28.00 30.00 NOTE
r-release-macos-x86_64 0.4 4.00 54.00 58.00 NOTE
r-release-windows-x86_64 0.4 6.00 63.00 69.00 NOTE
r-oldrel-macos-arm64 0.4 2.00 26.00 28.00 NOTE
r-oldrel-macos-x86_64 0.4 5.00 57.00 62.00 NOTE
r-oldrel-windows-x86_64 0.4 8.00 68.00 76.00 NOTE

Check Details

Version: 0.4
Check: Rd files
Result: NOTE checkRd: (-1) simRedCard.Rd:22: Lost braces in \itemize; \value handles \item{}{} directly checkRd: (-1) simRedCard.Rd:23: Lost braces in \itemize; \value handles \item{}{} directly Flavors: r-devel-linux-x86_64-debian-clang, r-devel-linux-x86_64-debian-gcc, r-devel-linux-x86_64-fedora-clang, r-devel-linux-x86_64-fedora-gcc, r-devel-windows-x86_64, r-patched-linux-x86_64, r-release-linux-x86_64, r-release-macos-arm64, r-release-macos-x86_64, r-release-windows-x86_64, r-oldrel-macos-arm64, r-oldrel-macos-x86_64, r-oldrel-windows-x86_64

Version: 0.4
Check: HTML version of manual
Result: NOTE Found the following HTML validation problems: overview.html:149:1 (overview.Rd:65): Warning: missing </ul> before </div> Flavors: r-devel-linux-x86_64-debian-clang, r-devel-linux-x86_64-debian-gcc

Version: 0.4
Check: LazyData
Result: NOTE 'LazyData' is specified without a 'data' directory Flavors: r-oldrel-macos-arm64, r-oldrel-macos-x86_64, r-oldrel-windows-x86_64