Last updated on 2025-07-21 20:50:21 CEST.
Flavor | Version | Tinstall | Tcheck | Ttotal | Status | Flags |
---|---|---|---|---|---|---|
r-devel-linux-x86_64-debian-clang | 1.0.0 | 5.33 | 47.26 | 52.59 | NOTE | |
r-devel-linux-x86_64-debian-gcc | 1.0.0 | 4.44 | 35.63 | 40.07 | NOTE | |
r-devel-linux-x86_64-fedora-clang | 1.0.0 | 91.06 | OK | |||
r-devel-linux-x86_64-fedora-gcc | 1.0.0 | 83.17 | OK | |||
r-devel-windows-x86_64 | 1.0.0 | 7.00 | 65.00 | 72.00 | OK | |
r-patched-linux-x86_64 | 1.0.0 | 4.27 | 43.30 | 47.57 | OK | |
r-release-linux-x86_64 | 1.0.0 | 5.86 | 43.39 | 49.25 | OK | |
r-release-macos-arm64 | 1.0.0 | 45.00 | OK | |||
r-release-macos-x86_64 | 1.0.0 | 56.00 | OK | |||
r-release-windows-x86_64 | 1.0.0 | 8.00 | 62.00 | 70.00 | OK | |
r-oldrel-macos-arm64 | 1.0.0 | 26.00 | OK | |||
r-oldrel-macos-x86_64 | 1.0.0 | 41.00 | OK | |||
r-oldrel-windows-x86_64 | 1.0.0 | 9.00 | 71.00 | 80.00 | OK |
Version: 1.0.0
Check: CRAN incoming feasibility
Result: NOTE
Maintainer: ‘Phil Mike Jones <philmikejones@gmail.com>’
Found the following (possibly) invalid file URI:
URI: CODE_OF_CONDUCT.md
From: README.md
Flavors: r-devel-linux-x86_64-debian-clang, r-devel-linux-x86_64-debian-gcc