Last updated on 2025-09-30 20:50:54 CEST.
Flavor | Version | Tinstall | Tcheck | Ttotal | Status | Flags |
---|---|---|---|---|---|---|
r-devel-linux-x86_64-debian-clang | 0.0.1 | 6.24 | 61.89 | 68.13 | NOTE | |
r-devel-linux-x86_64-debian-gcc | 0.0.1 | 4.94 | 44.55 | 49.49 | NOTE | |
r-devel-linux-x86_64-fedora-clang | 0.0.1 | 109.76 | NOTE | |||
r-devel-linux-x86_64-fedora-gcc | 0.0.1 | 105.15 | NOTE | |||
r-devel-windows-x86_64 | 0.0.1 | 10.00 | 74.00 | 84.00 | NOTE | |
r-patched-linux-x86_64 | 0.0.1 | 6.56 | 57.50 | 64.06 | NOTE | |
r-release-linux-x86_64 | 0.0.1 | 6.27 | 57.98 | 64.25 | NOTE | |
r-release-macos-arm64 | 0.0.1 | 28.00 | NOTE | |||
r-release-macos-x86_64 | 0.0.1 | 47.00 | NOTE | |||
r-release-windows-x86_64 | 0.0.1 | 8.00 | 72.00 | 80.00 | NOTE | |
r-oldrel-macos-arm64 | 0.0.1 | 28.00 | NOTE | |||
r-oldrel-macos-x86_64 | 0.0.1 | 41.00 | NOTE | |||
r-oldrel-windows-x86_64 | 0.0.1 | 12.00 | 92.00 | 104.00 | NOTE |
Version: 0.0.1
Check: Rd files
Result: NOTE
checkRd: (-1) fixed_width_no_modeling.Rd:26: Lost braces in \itemize; \value handles \item{}{} directly
checkRd: (-1) fixed_width_no_modeling.Rd:27: Lost braces in \itemize; \value handles \item{}{} directly
checkRd: (-1) fixed_width_no_modeling.Rd:28: Lost braces in \itemize; \value handles \item{}{} directly
Flavors: r-devel-linux-x86_64-debian-clang, r-devel-linux-x86_64-debian-gcc, r-devel-linux-x86_64-fedora-clang, r-devel-linux-x86_64-fedora-gcc, r-devel-windows-x86_64, r-patched-linux-x86_64, r-release-linux-x86_64, r-release-macos-arm64, r-release-macos-x86_64, r-release-windows-x86_64, r-oldrel-macos-arm64, r-oldrel-macos-x86_64, r-oldrel-windows-x86_64