Last updated on 2025-07-22 08:48:47 CEST.
Flavor | Version | Tinstall | Tcheck | Ttotal | Status | Flags |
---|---|---|---|---|---|---|
r-devel-linux-x86_64-debian-clang | 0.3.0 | 16.66 | 40.13 | 56.79 | NOTE | |
r-devel-linux-x86_64-debian-gcc | 0.3.0 | 12.40 | 32.18 | 44.58 | NOTE | |
r-devel-linux-x86_64-fedora-clang | 0.3.0 | 95.45 | OK | |||
r-devel-linux-x86_64-fedora-gcc | 0.3.0 | 104.26 | OK | |||
r-devel-windows-x86_64 | 0.3.0 | 24.00 | 77.00 | 101.00 | OK | |
r-patched-linux-x86_64 | 0.3.0 | 16.86 | 36.94 | 53.80 | OK | |
r-release-linux-x86_64 | 0.3.0 | 17.88 | 37.08 | 54.96 | OK | |
r-release-macos-arm64 | 0.3.0 | 48.00 | OK | |||
r-release-macos-x86_64 | 0.3.0 | 63.00 | OK | |||
r-release-windows-x86_64 | 0.3.0 | 20.00 | 78.00 | 98.00 | OK | |
r-oldrel-macos-arm64 | 0.3.0 | 37.00 | OK | |||
r-oldrel-macos-x86_64 | 0.3.0 | 59.00 | OK | |||
r-oldrel-windows-x86_64 | 0.3.0 | 20.00 | 95.00 | 115.00 | OK |
Version: 0.3.0
Check: CRAN incoming feasibility
Result: NOTE
Maintainer: ‘Lincoln Mullen <lincoln@lincolnmullen.com>’
Package CITATION file contains call(s) to old-style personList() or
as.personList(). Please use c() on person objects instead.
Package CITATION file contains call(s) to old-style citEntry(). Please
use bibentry() instead.
Flavors: r-devel-linux-x86_64-debian-clang, r-devel-linux-x86_64-debian-gcc