Last updated on 2025-10-30 18:50:08 CET.
| Flavor | Version | Tinstall | Tcheck | Ttotal | Status | Flags | 
|---|---|---|---|---|---|---|
| r-devel-linux-x86_64-debian-clang | 1.0.3 | 3.34 | 28.56 | 31.90 | NOTE | |
| r-devel-linux-x86_64-debian-gcc | 1.0.3 | 2.24 | 22.53 | 24.77 | NOTE | |
| r-devel-linux-x86_64-fedora-clang | 1.0.3 | 47.91 | OK | |||
| r-devel-linux-x86_64-fedora-gcc | 1.0.3 | 47.98 | OK | |||
| r-devel-windows-x86_64 | 1.0.3 | 5.00 | 46.00 | 51.00 | OK | |
| r-patched-linux-x86_64 | 1.0.3 | 2.89 | 27.33 | 30.22 | OK | |
| r-release-linux-x86_64 | 1.0.3 | 3.03 | 27.13 | 30.16 | OK | |
| r-release-macos-arm64 | 1.0.3 | 2.00 | 21.00 | 23.00 | OK | |
| r-release-macos-x86_64 | 1.0.3 | 3.00 | 28.00 | 31.00 | OK | |
| r-release-windows-x86_64 | 1.0.3 | 5.00 | 46.00 | 51.00 | OK | |
| r-oldrel-macos-arm64 | 1.0.3 | 2.00 | 16.00 | 18.00 | NOTE | |
| r-oldrel-macos-x86_64 | 1.0.3 | 2.00 | 25.00 | 27.00 | NOTE | |
| r-oldrel-windows-x86_64 | 1.0.3 | 6.00 | 52.00 | 58.00 | NOTE | 
Version: 1.0.3
Check: CRAN incoming feasibility
Result: NOTE
  Maintainer: ‘Cody Moore <Jumper9400@gmail.com>’
  
  No Authors@R field in DESCRIPTION.
  Please add one, modifying
    Authors@R: person(given = "Cody",
                      family = "Moore",
                      role = c("aut", "cre"),
                      email = "jumper9400@gmail.com")
  as necessary.
Flavors: r-devel-linux-x86_64-debian-clang, r-devel-linux-x86_64-debian-gcc
Version: 1.0.3
Check: LazyData
Result: NOTE
    'LazyData' is specified without a 'data' directory
Flavors: r-oldrel-macos-arm64, r-oldrel-macos-x86_64, r-oldrel-windows-x86_64