Last updated on 2025-10-29 07:50:54 CET.
| Flavor | Version | Tinstall | Tcheck | Ttotal | Status | Flags | 
|---|---|---|---|---|---|---|
| r-devel-linux-x86_64-debian-clang | 0.0-30 | 4.05 | 29.65 | 33.70 | NOTE | |
| r-devel-linux-x86_64-debian-gcc | 0.0-30 | 4.28 | 31.13 | 35.41 | NOTE | |
| r-devel-linux-x86_64-fedora-clang | 0.0-30 | 11.00 | 39.25 | 50.25 | NOTE | |
| r-devel-linux-x86_64-fedora-gcc | 0.0-30 | 10.00 | 38.58 | 48.58 | NOTE | |
| r-devel-windows-x86_64 | 0.0-30 | 15.00 | 42.00 | 57.00 | OK | |
| r-patched-linux-x86_64 | 0.0-30 | 3.07 | 21.04 | 24.11 | NOTE | |
| r-release-linux-x86_64 | 0.0-30 | 3.15 | 21.20 | 24.35 | NOTE | |
| r-release-macos-arm64 | 0.0-30 | 5.00 | 40.00 | 45.00 | OK | |
| r-release-macos-x86_64 | 0.0-30 | 20.00 | 53.00 | 73.00 | OK | |
| r-release-windows-x86_64 | 0.0-30 | 15.00 | 49.00 | 64.00 | OK | |
| r-oldrel-macos-arm64 | 0.0-30 | 6.00 | 34.00 | 40.00 | OK | |
| r-oldrel-macos-x86_64 | 0.0-30 | 23.00 | 51.00 | 74.00 | OK | |
| r-oldrel-windows-x86_64 | 0.0-30 | 17.00 | 47.00 | 64.00 | OK | 
Version: 0.0-30
Check: CRAN incoming feasibility
Result: NOTE
  Maintainer: ‘Luke Tierney <luke-tierney@uiowa.edu>’
  
  No Authors@R field in DESCRIPTION.
  Please add one, modifying
    Authors@R: person(given = "Luke",
                      family = "Tierney",
                      role = c("aut", "cre"),
                      email = "luke-tierney@uiowa.edu")
  as necessary.
Flavors: r-devel-linux-x86_64-debian-clang, r-devel-linux-x86_64-debian-gcc
Version: 0.0-30
Check: R code for possible problems
Result: NOTE
  Found an obsolete/platform-specific call in the following function:
    ‘.my.tkdev’
  Found the platform-specific device:
    ‘X11’
  dev.new() is the preferred way to open a new device, in the unlikely
  event one is needed.
Flavors: r-devel-linux-x86_64-debian-clang, r-devel-linux-x86_64-debian-gcc, r-devel-linux-x86_64-fedora-clang, r-devel-linux-x86_64-fedora-gcc, r-patched-linux-x86_64, r-release-linux-x86_64