Last updated on 2025-07-22 08:48:47 CEST.
Flavor | Version | Tinstall | Tcheck | Ttotal | Status | Flags |
---|---|---|---|---|---|---|
r-devel-linux-x86_64-debian-clang | 0.1.1 | 2.60 | 55.49 | 58.09 | NOTE | |
r-devel-linux-x86_64-debian-gcc | 0.1.1 | 1.72 | 37.86 | 39.58 | NOTE | |
r-devel-linux-x86_64-fedora-clang | 0.1.1 | 86.08 | NOTE | |||
r-devel-linux-x86_64-fedora-gcc | 0.1.1 | 85.33 | NOTE | |||
r-devel-windows-x86_64 | 0.1.1 | 5.00 | 81.00 | 86.00 | NOTE | |
r-patched-linux-x86_64 | 0.1.1 | 3.04 | 51.80 | 54.84 | NOTE | |
r-release-linux-x86_64 | 0.1.1 | 2.15 | 51.42 | 53.57 | NOTE | |
r-release-macos-arm64 | 0.1.1 | 29.00 | NOTE | |||
r-release-macos-x86_64 | 0.1.1 | 56.00 | NOTE | |||
r-release-windows-x86_64 | 0.1.1 | 3.00 | 73.00 | 76.00 | NOTE | |
r-oldrel-macos-arm64 | 0.1.1 | 32.00 | OK | |||
r-oldrel-macos-x86_64 | 0.1.1 | 61.00 | OK | |||
r-oldrel-windows-x86_64 | 0.1.1 | 5.00 | 88.00 | 93.00 | OK |
Version: 0.1.1
Check: DESCRIPTION meta-information
Result: NOTE
Missing dependency on R >= 4.1.0 because package code uses the pipe
|> or function shorthand \(...) syntax added in R 4.1.0.
File(s) using such syntax:
‘tcor.Rd’
Flavors: r-devel-linux-x86_64-debian-clang, r-devel-linux-x86_64-debian-gcc, r-devel-linux-x86_64-fedora-clang, r-devel-linux-x86_64-fedora-gcc, r-devel-windows-x86_64, r-patched-linux-x86_64, r-release-linux-x86_64, r-release-macos-arm64, r-release-macos-x86_64, r-release-windows-x86_64