Last updated on 2025-11-04 07:50:11 CET.
| Flavor | Version | Tinstall | Tcheck | Ttotal | Status | Flags | 
|---|---|---|---|---|---|---|
| r-devel-linux-x86_64-debian-clang | 1.0.11 | 3.57 | 31.19 | 34.76 | NOTE | |
| r-devel-linux-x86_64-debian-gcc | 1.0.11 | 2.98 | 23.95 | 26.93 | NOTE | |
| r-devel-linux-x86_64-fedora-clang | 1.0.11 | 51.96 | OK | |||
| r-devel-linux-x86_64-fedora-gcc | 1.0.11 | 49.77 | OK | |||
| r-devel-windows-x86_64 | 1.0.11 | 7.00 | 48.00 | 55.00 | OK | |
| r-patched-linux-x86_64 | 1.0.11 | 3.89 | 29.50 | 33.39 | OK | |
| r-release-linux-x86_64 | 1.0.11 | 3.66 | 29.39 | 33.05 | OK | |
| r-release-macos-arm64 | 1.0.11 | 1.00 | 18.00 | 19.00 | OK | |
| r-release-macos-x86_64 | 1.0.11 | 3.00 | 29.00 | 32.00 | OK | |
| r-release-windows-x86_64 | 1.0.11 | 4.00 | 47.00 | 51.00 | OK | |
| r-oldrel-macos-arm64 | 1.0.11 | 2.00 | 16.00 | 18.00 | OK | |
| r-oldrel-macos-x86_64 | 1.0.11 | 3.00 | 25.00 | 28.00 | OK | |
| r-oldrel-windows-x86_64 | 1.0.11 | 5.00 | 55.00 | 60.00 | OK | 
Version: 1.0.11
Check: CRAN incoming feasibility
Result: NOTE
  Maintainer: ‘Hyungsuk Tak <hyungsuk.tak@gmail.com>’
  
  No Authors@R field in DESCRIPTION.
  Please add one, modifying
    Authors@R: c(person(given = "Hyungsuk",
                        family = "Tak",
                        role = c("aut", "cre"),
                        email = "hyungsuk.tak@gmail.com"),
                 person(given = "Kaisey",
                        family = "Mandel",
                        role = "aut"),
                 person(given = c("David", "A."),
                        family = "van Dyk",
                        role = "aut"),
                 person(given = c("Vinay", "L."),
                        family = "Kashyap",
                        role = "aut"),
                 person(given = "Xiao-Li",
                        family = "Meng",
                        role = "aut"),
                 person(given = "Aneta",
                        family = "Siemiginowska",
                        role = "aut"),
                 person(given = "Zhirui",
                        family = "Hu",
                        role = "aut"))
  as necessary.
  
  The Description field contains
    <arXiv:2005.08049>.
  Please refer to arXiv e-prints via their arXiv DOI <doi:10.48550/arXiv.YYMM.NNNNN>.
Flavors: r-devel-linux-x86_64-debian-clang, r-devel-linux-x86_64-debian-gcc