CRAN Package Check Results for Package tidytext

Last updated on 2025-07-22 19:52:03 CEST.

Flavor Version Tinstall Tcheck Ttotal Status Flags
r-devel-linux-x86_64-debian-clang 0.4.2 10.63 150.61 161.24 NOTE
r-devel-linux-x86_64-debian-gcc 0.4.2 7.41 109.87 117.28 NOTE
r-devel-linux-x86_64-fedora-clang 0.4.2 240.45 OK
r-devel-linux-x86_64-fedora-gcc 0.4.2 249.40 OK
r-devel-windows-x86_64 0.4.2 14.00 159.00 173.00 NOTE
r-patched-linux-x86_64 0.4.2 11.17 142.58 153.75 NOTE
r-release-linux-x86_64 0.4.2 10.81 142.57 153.38 NOTE
r-release-macos-arm64 0.4.2 101.00 OK
r-release-macos-x86_64 0.4.2 157.00 OK
r-release-windows-x86_64 0.4.2 12.00 157.00 169.00 NOTE
r-oldrel-macos-arm64 0.4.2 84.00 OK
r-oldrel-macos-x86_64 0.4.2 138.00 OK
r-oldrel-windows-x86_64 0.4.2 17.00 197.00 214.00 OK

Check Details

Version: 0.4.2
Check: Rd cross-references
Result: NOTE Found the following Rd file(s) with Rd \link{} targets missing package anchors: cast_sparse.Rd: sparseMatrix document_term_casters.Rd: sparseMatrix Please provide package anchors for all Rd \link{} targets not in the package itself and the base packages. Flavors: r-devel-linux-x86_64-debian-clang, r-devel-linux-x86_64-debian-gcc, r-devel-windows-x86_64, r-patched-linux-x86_64, r-release-linux-x86_64, r-release-windows-x86_64