Last updated on 2025-10-30 18:50:07 CET.
| Flavor | Version | Tinstall | Tcheck | Ttotal | Status | Flags | 
|---|---|---|---|---|---|---|
| r-devel-linux-x86_64-debian-clang | 0.1.1 | 16.73 | 30.06 | 46.79 | NOTE | |
| r-devel-linux-x86_64-debian-gcc | 0.1.1 | 13.12 | 25.10 | 38.22 | NOTE | |
| r-devel-linux-x86_64-fedora-clang | 0.1.1 | 35.00 | 33.39 | 68.39 | OK | |
| r-devel-linux-x86_64-fedora-gcc | 0.1.1 | 38.00 | 31.46 | 69.46 | OK | |
| r-devel-windows-x86_64 | 0.1.1 | 16.00 | 42.00 | 58.00 | OK | |
| r-patched-linux-x86_64 | 0.1.1 | 15.75 | 28.42 | 44.17 | OK | |
| r-release-linux-x86_64 | 0.1.1 | 16.32 | 27.79 | 44.11 | OK | |
| r-release-macos-arm64 | 0.1.1 | 11.00 | 19.00 | 30.00 | OK | |
| r-release-macos-x86_64 | 0.1.1 | 23.00 | 33.00 | 56.00 | OK | |
| r-release-windows-x86_64 | 0.1.1 | 15.00 | 47.00 | 62.00 | OK | |
| r-oldrel-macos-arm64 | 0.1.1 | 9.00 | 20.00 | 29.00 | NOTE | |
| r-oldrel-macos-x86_64 | 0.1.1 | 17.00 | 26.00 | 43.00 | NOTE | |
| r-oldrel-windows-x86_64 | 0.1.1 | 16.00 | 43.00 | 59.00 | NOTE | 
Version: 0.1.1
Check: CRAN incoming feasibility
Result: NOTE
  Maintainer: ‘Dominik S. Meier <dominikmeier@outlook.com>’
  
  The Description field contains
    'text2sdg' package. See Wulff, Meier and Mata (2023) <arXiv:2301.11353>
    and Meier, Wulff and Mata (2021) <arXiv:2110.05856> for reference.
  Please refer to arXiv e-prints via their arXiv DOI <doi:10.48550/arXiv.YYMM.NNNNN>.
Flavors: r-devel-linux-x86_64-debian-clang, r-devel-linux-x86_64-debian-gcc
Version: 0.1.1
Check: installed package size
Result: NOTE
    installed size is  6.2Mb
    sub-directories of 1Mb or more:
      data   6.2Mb
Flavors: r-oldrel-macos-arm64, r-oldrel-macos-x86_64, r-oldrel-windows-x86_64