Last updated on 2025-10-21 08:51:01 CEST.
Flavor | Version | Tinstall | Tcheck | Ttotal | Status | Flags |
---|---|---|---|---|---|---|
r-devel-linux-x86_64-debian-clang | 4.2.2 | 23.74 | 452.13 | 475.87 | OK | |
r-devel-linux-x86_64-debian-gcc | 4.2.2 | 16.62 | 301.21 | 317.83 | NOTE | |
r-devel-linux-x86_64-fedora-clang | 4.2.2 | 777.10 | OK | |||
r-devel-linux-x86_64-fedora-gcc | 4.2.2 | 733.10 | OK | |||
r-devel-windows-x86_64 | 4.2.2 | 31.00 | 265.00 | 296.00 | OK | --no-vignettes |
r-patched-linux-x86_64 | 4.2.2 | 28.70 | 434.08 | 462.78 | OK | |
r-release-linux-x86_64 | 4.2.2 | 22.18 | 436.43 | 458.61 | OK | |
r-release-macos-arm64 | 4.2.2 | 137.00 | OK | |||
r-release-macos-x86_64 | 4.2.2 | 245.00 | OK | |||
r-release-windows-x86_64 | 4.2.2 | 35.00 | 271.00 | 306.00 | OK | --no-vignettes |
r-oldrel-macos-arm64 | 4.2.2 | 144.00 | OK | |||
r-oldrel-macos-x86_64 | 4.2.2 | 251.00 | OK | |||
r-oldrel-windows-x86_64 | 4.2.2 | 39.00 | 322.00 | 361.00 | OK | --no-vignettes |
Version: 4.2.2
Check: top-level files
Result: NOTE
Found the following validation problem for the NEWS.Rd HTML conversion:
NEWS.html:999:1 (inst/NEWS.Rd:692): Warning: missing </ul> before </div>
NEWS.html:100:1 (inst/NEWS.Rd:113): Warning: <h4> anchor "NEW-FEATURES" already defined
NEWS.html:117:1 (inst/NEWS.Rd:121): Warning: <h4> anchor "BUG-FIXES" already defined
NEWS.html:131:1 (inst/NEWS.Rd:128): Warning: <h4> anchor "OTHER-USER-VISIBLE-CHANGES" already defined
NEWS.html:146:1 (inst/NEWS.Rd:137): Warning: <h4> anchor "BUG-FIXES" already defined
NEWS.html:157:1 (inst/NEWS.Rd:143): Warning: <h4> anchor "OTHER-USER-VISIBLE-CHANGES" already defined
NEWS.html:192:1 (inst/NEWS.Rd:165): Warning: <h4> anchor "NEW-FEATURES" already defined
NEWS.html:209:1 (inst/NEWS.Rd:175): Warning: <h4> anchor "BUG-FIXES" already defined
NEWS.html:223:1 (inst/NEWS.Rd:183): Warning: <h4> anchor "OTHER-USER-VISIBLE-CHANGES" already defined
NEWS.html:240:1 (inst/NEWS.Rd:193): Warning: <h4> anchor "DEPRECATED-+26-DEFUNCT" already defined
NEWS.html:255:1 (inst/NEWS.Rd:203): Warning: <h4> anchor "BUG-FIXES" already defined
NEWS.html:278:1 (inst/NEWS.Rd:217): Warning: <h4> anchor "OTHER-USER-VISIBLE-CHANGES" already defined
NEWS.html:295:1 (inst/NEWS.Rd:228): Warning: <h4> anchor "NEW-FEATURES" already defined
NEWS.html:321:1 (inst/NEWS.Rd:244): Warning: <h4> anchor "DEPRECATED-+26-DEFUNCT" already defined
NEWS.html:336:1 (inst/NEWS.Rd:252): Warning: <h4> anchor "BUG-FIXES" already defined
NEWS.html:353:1 (inst/NEWS.Rd:262): Warning: <h4> anchor "OTHER-USER-VISIBLE-CHANGES" already defined
NEWS.html:371:1 (inst/NEWS.Rd:273): Warning: <h4> anchor "NEW-FEATURES" already defined
NEWS.html:391:1 (inst/NEWS.Rd:288): Warning: <h4> anchor "BUG-FIXES" already defined
NEWS.html:406:1 (inst/NEWS.Rd:299): Warning: <h4> anchor "NEW-FEATURES" already defined
NEWS.html:418:1 (inst/NEWS.Rd:309): Warning: <h4> anchor "BUG-FIXES" already defined
NEWS.html:433:1 (inst/NEWS.Rd:320): Warning: <h4> anchor "DEPRECATED-+26-DEFUNCT" already defined
NEWS.html:451:1 (inst/NEWS.Rd:334): Warning: <h4> anchor "NEW-FEATURES" already defined
NEWS.html:462:1 (inst/NEWS.Rd:340): Warning: <h4> anchor "BUG-FIXES" already defined
NEWS.html:477:1 (inst/NEWS.Rd:348): Warning: <h4> anchor "OTHER-USER-VISIBLE-CHANGES" already defined
NEWS.html:494:1 (inst/NEWS.Rd:359): Warning: <h4> anchor "BUG-FIXES" already defined
NEWS.html:516:1 (inst/NEWS.Rd:373): Warning: <h4> anchor "NEW-FEATURES" already defined
NEWS.html:529:1 (inst/NEWS.Rd:382): Warning: <h4> anchor "BUG-FIXES" already defined
NEWS.html:554:1 (inst/NEWS.Rd:398): Warning: <h4> anchor "NEW-FEATURES" already defined
NEWS.html:580:1 (inst/NEWS.Rd:410): Warning: <h4> anchor "BUG-FIXES" already defined
NEWS.html:607:1 (inst/NEWS.Rd:424): Warning: <h4> anchor "OTHER-USER-VISIBLE-CHANGES" already defined
NEWS.html:628:1 (inst/NEWS.Rd:435): Warning: <h4> anchor "BUG-FIXES" already defined
NEWS.html:643:1 (inst/NEWS.Rd:443): Warning: <h4> anchor "NEW-FEATURES" already defined
NEWS.html:678:1 (inst/NEWS.Rd:458): Warning: <h4> anchor "BUG-FIXES" already defined
NEWS.html:692:1 (inst/NEWS.Rd:465): Warning: <h4> anchor "OTHER-USER-VISIBLE-CHANGES" already defined
NEWS.html:723:1 (inst/NEWS.Rd:484): Warning: <h4> anchor "BUG-FIXES" already defined
NEWS.html:742:1 (inst/NEWS.Rd:497): Warning: <h4> anchor "OTHER-USER-VISIBLE-CHANGES" already defined
NEWS.html:760:1 (inst/NEWS.Rd:510): Warning: <h4> anchor "NEW-FEATURES" already defined
NEWS.html:779:1 (inst/NEWS.Rd:523): Warning: <h4> anchor "DEPRECATED-+26-DEFUNCT" already defined
NEWS.html:801:1 (inst/NEWS.Rd:539): Warning: <h4> anchor "BUG-FIXES" already defined
NEWS.html:853:1 (inst/NEWS.Rd:574): Warning: <h4> anchor "NEW-FEATURES" already defined
NEWS.html:925:1 (inst/NEWS.Rd:635): Warning: <h4> anchor "OTHER-USER-VISIBLE-CHANGES" already defined
NEWS.html:962:1 (inst/NEWS.Rd:671): Warning: <h4> anchor "DEPRECATED-+26-DEFUNCT" already defined
NEWS.html:979:1 (inst/NEWS.Rd:682): Warning: <h4> anchor "BUG-FIXES" already defined
Flavor: r-devel-linux-x86_64-debian-gcc
Version: 4.2.2
Check: HTML version of manual
Result: NOTE
Found the following HTML validation problems:
Change-ergmTerm-4236ef3c.html:78:1 (Change-ergmTerm-4236ef3c.Rd:36): Warning: missing </ul> before </div>
Cross-ergmTerm-03ab5578.html:79:1 (Cross-ergmTerm-03ab5578.Rd:35): Warning: missing </ul> before </div>
Diss-ergmTerm-f48278bd.html:82:1 (Diss-ergmTerm-f48278bd.Rd:40): Warning: missing </ul> before </div>
EdgeAges-ergmTerm-dcd27226.html:67:1 (EdgeAges-ergmTerm-dcd27226.Rd:25): Warning: missing </ul> before </div>
Form-ergmTerm-fa13d505.html:80:1 (Form-ergmTerm-fa13d505.Rd:38): Warning: missing </ul> before </div>
Persist-ergmTerm-34b51891.html:85:1 (Persist-ergmTerm-34b51891.Rd:43): Warning: missing </ul> before </div>
control.tergm.godfather.html:46:1 (control.tergm.godfather.Rd:10): Warning: missing </ul> before </div>
degrangemeanage-ergmTerm-26c66071.html:86:1 (degrangemeanage-ergmTerm-26c66071.Rd:40): Warning: missing </ul> before </div>
degreemeanage-ergmTerm-405409f9.html:87:1 (degreemeanage-ergmTerm-405409f9.Rd:41): Warning: missing </ul> before </div>
discord-ergmHint-3608365e.html:50:1 (discord-ergmHint-3608365e.Rd:19): Warning: missing </ul> before </div>
discordBDStratTNT-ergmProposal-9267ec8b.html:60:1 (discordBDStratTNT-ergmProposal-9267ec8b.Rd:29): Warning: missing </ul> before </div>
discordTNT-ergmProposal-bc75dff0.html:53:1 (discordTNT-ergmProposal-bc75dff0.Rd:22): Warning: missing </ul> before </div>
edgeages-ergmTerm-07c50367.html:61:1 (edgeages-ergmTerm-07c50367.Rd:26): Warning: missing </ul> before </div>
edgecovages-ergmTerm-8222522a.html:89:1 (edgecovages-ergmTerm-8222522a.Rd:46): Warning: missing </ul> before </div>
edgecovmeanage-ergmTerm-46204f5f.html:91:1 (edgecovmeanage-ergmTerm-46204f5f.Rd:46): Warning: missing </ul> before </div>
edgesageinterval-ergmTerm-3ea18dd0.html:67:1 (edgesageinterval-ergmTerm-3ea18dd0.Rd:25): Warning: missing </ul> before </div>
meanage-ergmTerm-8d81c4e1.html:72:1 (meanage-ergmTerm-8d81c4e1.Rd:28): Warning: missing </ul> before </div>
nodefactormeanage-ergmTerm-11ed6b41.html:86:1 (nodefactormeanage-ergmTerm-11ed6b41.Rd:38): Warning: missing </ul> before </div>
nodemixmeanage-ergmTerm-f93ece12.html:85:1 (nodemixmeanage-ergmTerm-f93ece12.Rd:37): Warning: missing </ul> before </div>
staticDiscordTNT-ergmProposal-b73a241d.html:51:1 (staticDiscordTNT-ergmProposal-b73a241d.Rd:20): Warning: missing </ul> before </div>
tergm-package.html:223:72 (tergm-package.Rd:133): Warning: missing </p> before <a>
tergm-package.html:223:5 (tergm-package.Rd:133): Warning: missing </a> before <a>
tergm-package.html:223:192 (tergm-package.Rd:133): Warning: inserting implicit <p>
tergm-package.html:223:196 (tergm-package.Rd:133): Warning: discarding unexpected </a>
tergm-package.html:223:192 (tergm-package.Rd:133): Warning: trimming empty <p>
Flavor: r-devel-linux-x86_64-debian-gcc