CRAN Package Check Results for Package swgee

Last updated on 2025-10-06 08:50:07 CEST.

Flavor Version Tinstall Tcheck Ttotal Status Flags
r-devel-linux-x86_64-debian-clang 1.4 5.05 47.64 52.69 NOTE
r-devel-linux-x86_64-debian-gcc 1.4 3.03 33.73 36.76 NOTE
r-devel-linux-x86_64-fedora-clang 1.4 75.51 OK
r-devel-linux-x86_64-fedora-gcc 1.4 72.27 OK
r-devel-windows-x86_64 1.4 6.00 62.00 68.00 OK
r-patched-linux-x86_64 1.4 4.26 43.61 47.87 OK
r-release-linux-x86_64 1.4 4.62 43.61 48.23 OK
r-release-macos-arm64 1.4 26.00 OK
r-release-macos-x86_64 1.4 46.00 OK
r-release-windows-x86_64 1.4 6.00 62.00 68.00 OK
r-oldrel-macos-arm64 1.4 26.00 OK
r-oldrel-macos-x86_64 1.4 36.00 OK
r-oldrel-windows-x86_64 1.4 8.00 74.00 82.00 OK

Check Details

Version: 1.4
Check: CRAN incoming feasibility
Result: NOTE Maintainer: ‘Juan Xiong <jxiong@szu.edu.cn>’ No Authors@R field in DESCRIPTION. Please add one, modifying Authors@R: c(person(given = "Juan", family = "Xiong", role = c("aut", "cre"), email = "jxiong@szu.edu.cn"), person(given = c("Grace", "Y."), family = "Yi", role = "aut", email = "yyi@uwaterloo.ca")) as necessary. Flavors: r-devel-linux-x86_64-debian-clang, r-devel-linux-x86_64-debian-gcc