Last updated on 2025-10-28 18:50:05 CET.
| Flavor | Version | Tinstall | Tcheck | Ttotal | Status | Flags |
|---|---|---|---|---|---|---|
| r-devel-linux-x86_64-debian-clang | 1.1.1 | 101.09 | 154.13 | 255.22 | OK | |
| r-devel-linux-x86_64-debian-gcc | 1.1.1 | 65.40 | 103.53 | 168.93 | OK | |
| r-devel-linux-x86_64-fedora-clang | 1.1.1 | 230.00 | 178.65 | 408.65 | OK | |
| r-devel-linux-x86_64-fedora-gcc | 1.1.1 | 375.00 | 25.68 | 400.68 | OK | |
| r-devel-windows-x86_64 | 1.1.1 | 127.00 | 171.00 | 298.00 | OK | |
| r-patched-linux-x86_64 | 1.1.1 | 101.96 | 145.16 | 247.12 | OK | |
| r-release-linux-x86_64 | 1.1.1 | 101.70 | 147.35 | 249.05 | OK | |
| r-release-macos-arm64 | 1.1.1 | 34.00 | 44.00 | 78.00 | OK | |
| r-release-macos-x86_64 | 1.1.1 | 48.00 | 93.00 | 141.00 | OK | |
| r-release-windows-x86_64 | 1.1.1 | 135.00 | 173.00 | 308.00 | OK | |
| r-oldrel-macos-arm64 | 1.1.1 | 40.00 | 68.00 | 108.00 | NOTE | |
| r-oldrel-macos-x86_64 | 1.1.1 | 51.00 | 126.00 | 177.00 | NOTE | |
| r-oldrel-windows-x86_64 | 1.1.1 | 161.00 | 223.00 | 384.00 | NOTE |
Version: 1.1.1
Check: package dependencies
Result: NOTE
Package suggested but not available for checking: ‘gurobi’
Flavors: r-oldrel-macos-arm64, r-oldrel-macos-x86_64, r-oldrel-windows-x86_64
Version: 1.1.1
Check: installed package size
Result: NOTE
installed size is 9.8Mb
sub-directories of 1Mb or more:
libs 8.9Mb
Flavors: r-oldrel-macos-arm64, r-oldrel-macos-x86_64