Last updated on 2025-10-31 19:58:24 CET.
| Flavor | Version | Tinstall | Tcheck | Ttotal | Status | Flags | 
|---|---|---|---|---|---|---|
| r-devel-linux-x86_64-debian-clang | 1.2 | 13.40 | 118.59 | 131.99 | NOTE | |
| r-devel-linux-x86_64-debian-gcc | 1.2 | 12.34 | 81.64 | 93.98 | NOTE | |
| r-devel-linux-x86_64-fedora-clang | 1.2 | 38.00 | 175.60 | 213.60 | NOTE | |
| r-devel-linux-x86_64-fedora-gcc | 1.2 | 66.00 | 147.50 | 213.50 | NOTE | |
| r-devel-windows-x86_64 | 1.2 | 16.00 | 112.00 | 128.00 | NOTE | |
| r-patched-linux-x86_64 | 1.2 | 15.77 | 110.69 | 126.46 | NOTE | |
| r-release-linux-x86_64 | 1.2 | 17.42 | 112.16 | 129.58 | NOTE | |
| r-release-macos-arm64 | 1.2 | 7.00 | 45.00 | 52.00 | NOTE | |
| r-release-macos-x86_64 | 1.2 | 13.00 | 94.00 | 107.00 | NOTE | |
| r-release-windows-x86_64 | 1.2 | 21.00 | 112.00 | 133.00 | NOTE | |
| r-oldrel-macos-arm64 | 1.2 | 6.00 | 44.00 | 50.00 | NOTE | |
| r-oldrel-macos-x86_64 | 1.2 | 10.00 | 77.00 | 87.00 | NOTE | |
| r-oldrel-windows-x86_64 | 1.2 | 23.00 | 151.00 | 174.00 | NOTE | 
Version: 1.2
Check: CRAN incoming feasibility
Result: NOTE
  Maintainer: ‘Tatsiana Khamiakova <t.tavita@gmail.com>’
  
  No Authors@R field in DESCRIPTION.
  Please add one, modifying
    Authors@R: person(given = "Tatsiana",
                      family = "Khamiakova",
                      role = c("aut", "cre"),
                      email = "t.tavita@gmail.com")
  as necessary.
Flavors: r-devel-linux-x86_64-debian-clang, r-devel-linux-x86_64-debian-gcc
Version: 1.2
Check: Rd files
Result: NOTE
  checkRd: (-1) BiclustSet-class.Rd:19: Lost braces
      19 |     \item{\code{Number}:}{code{"numeric"}, number of biclusters in the set}
         |                               ^
Flavors: r-devel-linux-x86_64-debian-clang, r-devel-linux-x86_64-debian-gcc, r-devel-linux-x86_64-fedora-clang, r-devel-linux-x86_64-fedora-gcc, r-devel-windows-x86_64, r-patched-linux-x86_64, r-release-linux-x86_64, r-release-macos-arm64, r-release-macos-x86_64, r-release-windows-x86_64, r-oldrel-macos-arm64, r-oldrel-macos-x86_64, r-oldrel-windows-x86_64