Last updated on 2025-10-29 07:50:52 CET.
| Flavor | Version | Tinstall | Tcheck | Ttotal | Status | Flags | 
|---|---|---|---|---|---|---|
| r-devel-linux-x86_64-debian-clang | 0.1.2 | 1.53 | 21.06 | 22.59 | NOTE | |
| r-devel-linux-x86_64-debian-gcc | 0.1.2 | 1.25 | 17.83 | 19.08 | NOTE | |
| r-devel-linux-x86_64-fedora-clang | 0.1.2 | 31.24 | OK | |||
| r-devel-linux-x86_64-fedora-gcc | 0.1.2 | 29.28 | OK | |||
| r-devel-windows-x86_64 | 0.1.2 | 3.00 | 43.00 | 46.00 | OK | |
| r-patched-linux-x86_64 | 0.1.2 | 1.65 | 18.74 | 20.39 | OK | |
| r-release-linux-x86_64 | 0.1.2 | 1.61 | 18.93 | 20.54 | OK | |
| r-release-macos-arm64 | 0.1.2 | 1.00 | 21.00 | 22.00 | OK | |
| r-release-macos-x86_64 | 0.1.2 | 2.00 | 23.00 | 25.00 | OK | |
| r-release-windows-x86_64 | 0.1.2 | 4.00 | 46.00 | 50.00 | OK | |
| r-oldrel-macos-arm64 | 0.1.2 | 1.00 | 15.00 | 16.00 | NOTE | |
| r-oldrel-macos-x86_64 | 0.1.2 | 1.00 | 22.00 | 23.00 | NOTE | |
| r-oldrel-windows-x86_64 | 0.1.2 | 4.00 | 47.00 | 51.00 | NOTE | 
Version: 0.1.2
Check: CRAN incoming feasibility
Result: NOTE
  Maintainer: ‘Alexander Hoyle <alexander@alexanderhoyle.com>’
  
  No Authors@R field in DESCRIPTION.
  Please add one, modifying
    Authors@R: person(given = "Alexander",
                      family = "Hoyle",
                      role = c("aut", "cre"),
                      email = "alexander@alexanderhoyle.com")
  as necessary.
Flavors: r-devel-linux-x86_64-debian-clang, r-devel-linux-x86_64-debian-gcc
Version: 0.1.2
Check: LazyData
Result: NOTE
    'LazyData' is specified without a 'data' directory
Flavors: r-oldrel-macos-arm64, r-oldrel-macos-x86_64, r-oldrel-windows-x86_64