Last updated on 2025-10-08 08:49:55 CEST.
Flavor | Version | Tinstall | Tcheck | Ttotal | Status | Flags |
---|---|---|---|---|---|---|
r-devel-linux-x86_64-debian-clang | 3.3.1 | 2.92 | 87.83 | 90.75 | ERROR | |
r-devel-linux-x86_64-debian-gcc | 3.3.1 | 2.02 | 76.01 | 78.03 | ERROR | |
r-devel-linux-x86_64-fedora-clang | 3.3.1 | 73.87 | ERROR | |||
r-devel-linux-x86_64-fedora-gcc | 3.3.1 | 149.30 | ERROR | |||
r-devel-windows-x86_64 | 3.3.1 | 5.00 | 114.00 | 119.00 | ERROR | |
r-patched-linux-x86_64 | 3.3.1 | 3.11 | 86.86 | 89.97 | ERROR | |
r-release-linux-x86_64 | 3.3.1 | 2.86 | 87.90 | 90.76 | ERROR | |
r-release-macos-arm64 | 3.3.1 | 74.00 | OK | |||
r-release-macos-x86_64 | 3.3.1 | 147.00 | OK | |||
r-release-windows-x86_64 | 3.3.1 | 6.00 | 120.00 | 126.00 | ERROR | |
r-oldrel-macos-arm64 | 3.3.1 | 79.00 | OK | |||
r-oldrel-macos-x86_64 | 3.3.1 | 119.00 | OK | |||
r-oldrel-windows-x86_64 | 3.3.1 | 7.00 | 142.00 | 149.00 | ERROR |
Version: 3.3.1
Check: re-building of vignette outputs
Result: ERROR
Error(s) in re-building vignettes:
...
--- re-building ‘blog.Rmd’ using rmarkdown
[WARNING] Deprecated: --highlight-style. Use --syntax-highlighting instead.
[WARNING] Citeproc: citation sarkar_street_2018 not found
--- finished re-building ‘blog.Rmd’
--- re-building ‘stats19-training-setup.Rmd’ using rmarkdown
[WARNING] Deprecated: --highlight-style. Use --syntax-highlighting instead.
--- finished re-building ‘stats19-training-setup.Rmd’
--- re-building ‘stats19-training.Rmd’ using rmarkdown
[WARNING] Deprecated: --highlight-style. Use --syntax-highlighting instead.
[WARNING] Could not fetch resource https://raw.githubusercontent.com/ITSLeeds/TDS/master/courses/2day/images/rstudio-ui.png: HttpExceptionRequest Request {
host = "raw.githubusercontent.com"
port = 443
secure = True
requestHeaders = []
path = "/ITSLeeds/TDS/master/courses/2day/images/rstudio-ui.png"
queryString = ""
method = "GET"
proxy = Nothing
rawBody = False
redirectCount = 10
responseTimeout = ResponseTimeoutDefault
requestVersion = HTTP/1.1
proxySecureMode = ProxySecureWithConnect
}
(StatusCodeException (Response {responseStatus = Status {statusCode = 404, statusMessage = "Not Found"}, responseVersion = HTTP/1.1, responseHeaders = [("Connection","keep-alive"),("Content-Length","14"),("Content-Security-Policy","default-src 'none'; style-src 'unsafe-inline'; sandbox"),("Strict-Transport-Security","max-age=31536000"),("X-Content-Type-Options","nosniff"),("X-Frame-Options","deny"),("X-XSS-Protection","1; mode=block"),("Content-Type","text/plain; charset=utf-8"),("X-GitHub-Request-Id","1DFF:384765:76A636:8D8D98:68E4B9BB"),("Accept-Ranges","bytes"),("Date","Tue, 07 Oct 2025 06:57:00 GMT"),("Via","1.1 varnish"),("X-Served-By","cache-vie6369-VIE"),("X-Cache","MISS"),("X-Cache-Hits","0"),("X-Timer","S1759820220.157434,VS0,VE148"),("Vary","Authorization,Accept-Encoding"),("Access-Control-Allow-Origin","*"),("Cross-Origin-Resource-Policy","cross-origin"),("X-Fastly-Request-ID","6429e611704473698f3920a2ad35b86f41e6e736"),("Expires","Tue, 07 Oct 2025 07:02:00 GMT"),("Source-Age","0")], responseBody = (), responseCookieJar = CJ {expose = []}, responseClose' = ResponseClose, responseOriginalRequest = Request {
host = "raw.githubusercontent.com"
port = 443
secure = True
requestHeaders = []
path = "/ITSLeeds/TDS/master/courses/2day/images/rstudio-ui.png"
queryString = ""
method = "GET"
proxy = Nothing
rawBody = False
redirectCount = 10
responseTimeout = ResponseTimeoutDefault
requestVersion = HTTP/1.1
proxySecureMode = ProxySecureWithConnect
}
, responseEarlyHints = []}) "404: Not Found")
[WARNING] Could not fetch resource https://raw.githubusercontent.com/ITSLeeds/TDS/master/courses/2day/images/autocomplete.jpg: HttpExceptionRequest Request {
host = "raw.githubusercontent.com"
port = 443
secure = True
requestHeaders = []
path = "/ITSLeeds/TDS/master/courses/2day/images/autocomplete.jpg"
queryString = ""
method = "GET"
proxy = Nothing
rawBody = False
redirectCount = 10
responseTimeout = ResponseTimeoutDefault
requestVersion = HTTP/1.1
proxySecureMode = ProxySecureWithConnect
}
(StatusCodeException (Response {responseStatus = Status {statusCode = 404, statusMessage = "Not Found"}, responseVersion = HTTP/1.1, responseHeaders = [("Connection","keep-alive"),("Content-Length","14"),("Content-Security-Policy","default-src 'none'; style-src 'unsafe-inline'; sandbox"),("Strict-Transport-Security","max-age=31536000"),("X-Content-Type-Options","nosniff"),("X-Frame-Options","deny"),("X-XSS-Protection","1; mode=block"),("Content-Type","text/plain; charset=utf-8"),("X-GitHub-Request-Id","3885:368F28:759421:8C7C31:68E4B9BC"),("Accept-Ranges","bytes"),("Date","Tue, 07 Oct 2025 06:57:00 GMT"),("Via","1.1 varnish"),("X-Served-By","cache-vie6369-VIE"),("X-Cache","MISS"),("X-Cache-Hits","0"),("X-Timer","S1759820220.335163,VS0,VE169"),("Vary","Authorization,Accept-Encoding"),("Access-Control-Allow-Origin","*"),("Cross-Origin-Resource-Policy","cross-origin"),("X-Fastly-Request-ID","2a7caf91b8f092d4d9d660e8a561fc5cfedb3a20"),("Expires","Tue, 07 Oct 2025 07:02:00 GMT"),("Source-Age","0")], responseBody = (), responseCookieJar = CJ {expose = []}, responseClose' = ResponseClose, responseOriginalRequest = Request {
host = "raw.githubusercontent.com"
port = 443
secure = True
requestHeaders = []
path = "/ITSLeeds/TDS/master/courses/2day/images/autocomplete.jpg"
queryString = ""
method = "GET"
proxy = Nothing
rawBody = False
redirectCount = 10
responseTimeout = ResponseTimeoutDefault
requestVersion = HTTP/1.1
proxySecureMode = ProxySecureWithConnect
}
, responseEarlyHints = []}) "404: Not Found")
[WARNING] Could not fetch resource https://raw.githubusercontent.com/ITSLeeds/TDS/master/courses/2day/images/fucntionhelp.jpg: HttpExceptionRequest Request {
host = "raw.githubusercontent.com"
port = 443
secure = True
requestHeaders = []
path = "/ITSLeeds/TDS/master/courses/2day/images/fucntionhelp.jpg"
queryString = ""
method = "GET"
proxy = Nothing
rawBody = False
redirectCount = 10
responseTimeout = ResponseTimeoutDefault
requestVersion = HTTP/1.1
proxySecureMode = ProxySecureWithConnect
}
(StatusCodeException (Response {responseStatus = Status {statusCode = 404, statusMessage = "Not Found"}, responseVersion = HTTP/1.1, responseHeaders = [("Connection","keep-alive"),("Content-Length","14"),("Content-Security-Policy","default-src 'none'; style-src 'unsafe-inline'; sandbox"),("Strict-Transport-Security","max-age=31536000"),("X-Content-Type-Options","nosniff"),("X-Frame-Options","deny"),("X-XSS-Protection","1; mode=block"),("Content-Type","text/plain; charset=utf-8"),("X-GitHub-Request-Id","2763:3EB6B9:7B4095:922848:68E4B9BB"),("Accept-Ranges","bytes"),("Date","Tue, 07 Oct 2025 06:57:00 GMT"),("Via","1.1 varnish"),("X-Served-By","cache-vie6369-VIE"),("X-Cache","MISS"),("X-Cache-Hits","0"),("X-Timer","S1759820221.537713,VS0,VE162"),("Vary","Authorization,Accept-Encoding"),("Access-Control-Allow-Origin","*"),("Cross-Origin-Resource-Policy","cross-origin"),("X-Fastly-Request-ID","917bdbe1d8b07708df64f80a6c96504ecf44bc23"),("Expires","Tue, 07 Oct 2025 07:02:00 GMT"),("Source-Age","0")], responseBody = (), responseCookieJar = CJ {expose = []}, responseClose' = ResponseClose, responseOriginalRequest = Request {
host = "raw.githubusercontent.com"
port = 443
secure = True
requestHeaders = []
path = "/ITSLeeds/TDS/master/courses/2day/images/fucntionhelp.jpg"
queryString = ""
method = "GET"
proxy = Nothing
rawBody = False
redirectCount = 10
responseTimeout = ResponseTimeoutDefault
requestVersion = HTTP/1.1
proxySecureMode = ProxySecureWithConnect
}
, responseEarlyHints = []}) "404: Not Found")
--- finished re-building ‘stats19-training.Rmd’
--- re-building ‘stats19-vehicles.Rmd’ using rmarkdown
[WARNING] Deprecated: --highlight-style. Use --syntax-highlighting instead.
--- finished re-building ‘stats19-vehicles.Rmd’
--- re-building ‘stats19.Rmd’ using rmarkdown
Quitting from stats19.Rmd:366-374 [nfatalities]
~~~~~~~~~~~~~~~~~~~~~~~~~~~~~~~~~~~~~~~~~~~~~~~~~~~~~~~~~~~~~~~~~~~~~~~~~~~~~~~~
NULL
~~~~~~~~~~~~~~~~~~~~~~~~~~~~~~~~~~~~~~~~~~~~~~~~~~~~~~~~~~~~~~~~~~~~~~~~~~~~~~~~
Error: processing vignette 'stats19.Rmd' failed with diagnostics:
ℹ In argument: `accident_severity == "Fatal"`.
Caused by error:
! object 'accident_severity' not found
--- failed re-building ‘stats19.Rmd’
SUMMARY: processing the following file failed:
‘stats19.Rmd’
Error: Vignette re-building failed.
Execution halted
Flavor: r-devel-linux-x86_64-debian-clang
Version: 3.3.1
Check: re-building of vignette outputs
Result: ERROR
Error(s) in re-building vignettes:
...
--- re-building ‘blog.Rmd’ using rmarkdown
[WARNING] Deprecated: --highlight-style. Use --syntax-highlighting instead.
[WARNING] Citeproc: citation sarkar_street_2018 not found
--- finished re-building ‘blog.Rmd’
--- re-building ‘stats19-training-setup.Rmd’ using rmarkdown
[WARNING] Deprecated: --highlight-style. Use --syntax-highlighting instead.
--- finished re-building ‘stats19-training-setup.Rmd’
--- re-building ‘stats19-training.Rmd’ using rmarkdown
[WARNING] Deprecated: --highlight-style. Use --syntax-highlighting instead.
[WARNING] Could not fetch resource https://raw.githubusercontent.com/ITSLeeds/TDS/master/courses/2day/images/rstudio-ui.png: HttpExceptionRequest Request {
host = "raw.githubusercontent.com"
port = 443
secure = True
requestHeaders = []
path = "/ITSLeeds/TDS/master/courses/2day/images/rstudio-ui.png"
queryString = ""
method = "GET"
proxy = Nothing
rawBody = False
redirectCount = 10
responseTimeout = ResponseTimeoutDefault
requestVersion = HTTP/1.1
proxySecureMode = ProxySecureWithConnect
}
(StatusCodeException (Response {responseStatus = Status {statusCode = 404, statusMessage = "Not Found"}, responseVersion = HTTP/1.1, responseHeaders = [("Connection","keep-alive"),("Content-Length","14"),("Content-Security-Policy","default-src 'none'; style-src 'unsafe-inline'; sandbox"),("Strict-Transport-Security","max-age=31536000"),("X-Content-Type-Options","nosniff"),("X-Frame-Options","deny"),("X-XSS-Protection","1; mode=block"),("Content-Type","text/plain; charset=utf-8"),("X-GitHub-Request-Id","7ACA:1F89A8:F1912A:1169802:68E54358"),("Accept-Ranges","bytes"),("Date","Tue, 07 Oct 2025 16:44:08 GMT"),("Via","1.1 varnish"),("X-Served-By","cache-vie6334-VIE"),("X-Cache","MISS"),("X-Cache-Hits","0"),("X-Timer","S1759855448.139020,VS0,VE171"),("Vary","Authorization,Accept-Encoding"),("Access-Control-Allow-Origin","*"),("Cross-Origin-Resource-Policy","cross-origin"),("X-Fastly-Request-ID","0feda01afd817fc83aee36a96c46806b02c2071b"),("Expires","Tue, 07 Oct 2025 16:49:08 GMT"),("Source-Age","0")], responseBody = (), responseCookieJar = CJ {expose = []}, responseClose' = ResponseClose, responseOriginalRequest = Request {
host = "raw.githubusercontent.com"
port = 443
secure = True
requestHeaders = []
path = "/ITSLeeds/TDS/master/courses/2day/images/rstudio-ui.png"
queryString = ""
method = "GET"
proxy = Nothing
rawBody = False
redirectCount = 10
responseTimeout = ResponseTimeoutDefault
requestVersion = HTTP/1.1
proxySecureMode = ProxySecureWithConnect
}
, responseEarlyHints = []}) "404: Not Found")
[WARNING] Could not fetch resource https://raw.githubusercontent.com/ITSLeeds/TDS/master/courses/2day/images/autocomplete.jpg: HttpExceptionRequest Request {
host = "raw.githubusercontent.com"
port = 443
secure = True
requestHeaders = []
path = "/ITSLeeds/TDS/master/courses/2day/images/autocomplete.jpg"
queryString = ""
method = "GET"
proxy = Nothing
rawBody = False
redirectCount = 10
responseTimeout = ResponseTimeoutDefault
requestVersion = HTTP/1.1
proxySecureMode = ProxySecureWithConnect
}
(StatusCodeException (Response {responseStatus = Status {statusCode = 404, statusMessage = "Not Found"}, responseVersion = HTTP/1.1, responseHeaders = [("Connection","keep-alive"),("Content-Length","14"),("Content-Security-Policy","default-src 'none'; style-src 'unsafe-inline'; sandbox"),("Strict-Transport-Security","max-age=31536000"),("X-Content-Type-Options","nosniff"),("X-Frame-Options","deny"),("X-XSS-Protection","1; mode=block"),("Content-Type","text/plain; charset=utf-8"),("X-GitHub-Request-Id","2674:C9343:F2CB98:117DDCC:68E54357"),("Accept-Ranges","bytes"),("Date","Tue, 07 Oct 2025 16:44:08 GMT"),("Via","1.1 varnish"),("X-Served-By","cache-vie6334-VIE"),("X-Cache","MISS"),("X-Cache-Hits","0"),("X-Timer","S1759855448.345033,VS0,VE173"),("Vary","Authorization,Accept-Encoding"),("Access-Control-Allow-Origin","*"),("Cross-Origin-Resource-Policy","cross-origin"),("X-Fastly-Request-ID","bb200b69f549b875498ed2719c2e101e120c788d"),("Expires","Tue, 07 Oct 2025 16:49:08 GMT"),("Source-Age","0")], responseBody = (), responseCookieJar = CJ {expose = []}, responseClose' = ResponseClose, responseOriginalRequest = Request {
host = "raw.githubusercontent.com"
port = 443
secure = True
requestHeaders = []
path = "/ITSLeeds/TDS/master/courses/2day/images/autocomplete.jpg"
queryString = ""
method = "GET"
proxy = Nothing
rawBody = False
redirectCount = 10
responseTimeout = ResponseTimeoutDefault
requestVersion = HTTP/1.1
proxySecureMode = ProxySecureWithConnect
}
, responseEarlyHints = []}) "404: Not Found")
[WARNING] Could not fetch resource https://raw.githubusercontent.com/ITSLeeds/TDS/master/courses/2day/images/fucntionhelp.jpg: HttpExceptionRequest Request {
host = "raw.githubusercontent.com"
port = 443
secure = True
requestHeaders = []
path = "/ITSLeeds/TDS/master/courses/2day/images/fucntionhelp.jpg"
queryString = ""
method = "GET"
proxy = Nothing
rawBody = False
redirectCount = 10
responseTimeout = ResponseTimeoutDefault
requestVersion = HTTP/1.1
proxySecureMode = ProxySecureWithConnect
}
(StatusCodeException (Response {responseStatus = Status {statusCode = 404, statusMessage = "Not Found"}, responseVersion = HTTP/1.1, responseHeaders = [("Connection","keep-alive"),("Content-Length","14"),("Content-Security-Policy","default-src 'none'; style-src 'unsafe-inline'; sandbox"),("Strict-Transport-Security","max-age=31536000"),("X-Content-Type-Options","nosniff"),("X-Frame-Options","deny"),("X-XSS-Protection","1; mode=block"),("Content-Type","text/plain; charset=utf-8"),("X-GitHub-Request-Id","4239:E9B8E:F00476:1151560:68E54358"),("Accept-Ranges","bytes"),("Date","Tue, 07 Oct 2025 16:44:08 GMT"),("Via","1.1 varnish"),("X-Served-By","cache-vie6334-VIE"),("X-Cache","MISS"),("X-Cache-Hits","0"),("X-Timer","S1759855449.542651,VS0,VE179"),("Vary","Authorization,Accept-Encoding"),("Access-Control-Allow-Origin","*"),("Cross-Origin-Resource-Policy","cross-origin"),("X-Fastly-Request-ID","82274616db0e808719a5e1fe51dd4743b21a7433"),("Expires","Tue, 07 Oct 2025 16:49:08 GMT"),("Source-Age","0")], responseBody = (), responseCookieJar = CJ {expose = []}, responseClose' = ResponseClose, responseOriginalRequest = Request {
host = "raw.githubusercontent.com"
port = 443
secure = True
requestHeaders = []
path = "/ITSLeeds/TDS/master/courses/2day/images/fucntionhelp.jpg"
queryString = ""
method = "GET"
proxy = Nothing
rawBody = False
redirectCount = 10
responseTimeout = ResponseTimeoutDefault
requestVersion = HTTP/1.1
proxySecureMode = ProxySecureWithConnect
}
, responseEarlyHints = []}) "404: Not Found")
--- finished re-building ‘stats19-training.Rmd’
--- re-building ‘stats19-vehicles.Rmd’ using rmarkdown
[WARNING] Deprecated: --highlight-style. Use --syntax-highlighting instead.
--- finished re-building ‘stats19-vehicles.Rmd’
--- re-building ‘stats19.Rmd’ using rmarkdown
Quitting from stats19.Rmd:366-374 [nfatalities]
~~~~~~~~~~~~~~~~~~~~~~~~~~~~~~~~~~~~~~~~~~~~~~~~~~~~~~~~~~~~~~~~~~~~~~~~~~~~~~~~
NULL
~~~~~~~~~~~~~~~~~~~~~~~~~~~~~~~~~~~~~~~~~~~~~~~~~~~~~~~~~~~~~~~~~~~~~~~~~~~~~~~~
Error: processing vignette 'stats19.Rmd' failed with diagnostics:
ℹ In argument: `accident_severity == "Fatal"`.
Caused by error:
! object 'accident_severity' not found
--- failed re-building ‘stats19.Rmd’
SUMMARY: processing the following file failed:
‘stats19.Rmd’
Error: Vignette re-building failed.
Execution halted
Flavor: r-devel-linux-x86_64-debian-gcc
Version: 3.3.1
Check: re-building of vignette outputs
Result: ERROR
Error(s) in re-building vignettes:
--- re-building ‘blog.Rmd’ using rmarkdown
[WARNING] Deprecated: --highlight-style. Use --syntax-highlighting instead.
[WARNING] Citeproc: citation sarkar_street_2018 not found
--- finished re-building ‘blog.Rmd’
--- re-building ‘stats19-training-setup.Rmd’ using rmarkdown
[WARNING] Deprecated: --highlight-style. Use --syntax-highlighting instead.
--- finished re-building ‘stats19-training-setup.Rmd’
--- re-building ‘stats19-training.Rmd’ using rmarkdown
[WARNING] Deprecated: --highlight-style. Use --syntax-highlighting instead.
--- finished re-building ‘stats19-training.Rmd’
--- re-building ‘stats19-vehicles.Rmd’ using rmarkdown
[WARNING] Deprecated: --highlight-style. Use --syntax-highlighting instead.
--- finished re-building ‘stats19-vehicles.Rmd’
--- re-building ‘stats19.Rmd’ using rmarkdown
Quitting from stats19.Rmd:366-374 [nfatalities]
~~~~~~~~~~~~~~~~~~~~~~~~~~~~~~~~~~~~~~~~~~~~~~~~~~~~~~~~~~~~~~~~~~~~~~~~~~~~~~~~
NULL
~~~~~~~~~~~~~~~~~~~~~~~~~~~~~~~~~~~~~~~~~~~~~~~~~~~~~~~~~~~~~~~~~~~~~~~~~~~~~~~~
Error: processing vignette 'stats19.Rmd' failed with diagnostics:
ℹ In argument: `accident_severity == "Fatal"`.
Caused by error:
! object 'accident_severity' not found
--- failed re-building ‘stats19.Rmd’
SUMMARY: processing the following file failed:
‘stats19.Rmd’
Error: Vignette re-building failed.
Execution halted
Flavor: r-devel-linux-x86_64-fedora-clang
Version: 3.3.1
Check: re-building of vignette outputs
Result: ERROR
Error(s) in re-building vignettes:
--- re-building ‘blog.Rmd’ using rmarkdown
[WARNING] Deprecated: --highlight-style. Use --syntax-highlighting instead.
[WARNING] Citeproc: citation sarkar_street_2018 not found
--- finished re-building ‘blog.Rmd’
--- re-building ‘stats19-training-setup.Rmd’ using rmarkdown
[WARNING] Deprecated: --highlight-style. Use --syntax-highlighting instead.
--- finished re-building ‘stats19-training-setup.Rmd’
--- re-building ‘stats19-training.Rmd’ using rmarkdown
[WARNING] Deprecated: --highlight-style. Use --syntax-highlighting instead.
[WARNING] Could not fetch resource https://raw.githubusercontent.com/ITSLeeds/TDS/master/courses/2day/images/rstudio-ui.png: HttpExceptionRequest Request {
host = "raw.githubusercontent.com"
port = 443
secure = True
requestHeaders = []
path = "/ITSLeeds/TDS/master/courses/2day/images/rstudio-ui.png"
queryString = ""
method = "GET"
proxy = Nothing
rawBody = False
redirectCount = 10
responseTimeout = ResponseTimeoutDefault
requestVersion = HTTP/1.1
proxySecureMode = ProxySecureWithConnect
}
(StatusCodeException (Response {responseStatus = Status {statusCode = 404, statusMessage = "Not Found"}, responseVersion = HTTP/1.1, responseHeaders = [("Connection","keep-alive"),("Content-Length","14"),("Content-Security-Policy","default-src 'none'; style-src 'unsafe-inline'; sandbox"),("Strict-Transport-Security","max-age=31536000"),("X-Content-Type-Options","nosniff"),("X-Frame-Options","deny"),("X-XSS-Protection","1; mode=block"),("Content-Type","text/plain; charset=utf-8"),("X-GitHub-Request-Id","DD00:200197:2FBD2D:63F269:68E2FE90"),("Accept-Ranges","bytes"),("Date","Sun, 05 Oct 2025 23:26:13 GMT"),("Via","1.1 varnish"),("X-Served-By","cache-lcy-eglc8600049-LCY"),("X-Cache","MISS"),("X-Cache-Hits","0"),("X-Timer","S1759706773.875283,VS0,VE135"),("Vary","Authorization,Accept-Encoding"),("Access-Control-Allow-Origin","*"),("Cross-Origin-Resource-Policy","cross-origin"),("X-Fastly-Request-ID","e799b14e132652f9ef8d5f60bee9f80c60e8f2d4"),("Expires","Sun, 05 Oct 2025 23:31:13 GMT"),("Source-Age","0")], responseBody = (), responseCookieJar = CJ {expose = []}, responseClose' = ResponseClose, responseOriginalRequest = Request {
host = "raw.githubusercontent.com"
port = 443
secure = True
requestHeaders = []
path = "/ITSLeeds/TDS/master/courses/2day/images/rstudio-ui.png"
queryString = ""
method = "GET"
proxy = Nothing
rawBody = False
redirectCount = 10
responseTimeout = ResponseTimeoutDefault
requestVersion = HTTP/1.1
proxySecureMode = ProxySecureWithConnect
}
, responseEarlyHints = []}) "404: Not Found")
[WARNING] Could not fetch resource https://raw.githubusercontent.com/ITSLeeds/TDS/master/courses/2day/images/autocomplete.jpg: HttpExceptionRequest Request {
host = "raw.githubusercontent.com"
port = 443
secure = True
requestHeaders = []
path = "/ITSLeeds/TDS/master/courses/2day/images/autocomplete.jpg"
queryString = ""
method = "GET"
proxy = Nothing
rawBody = False
redirectCount = 10
responseTimeout = ResponseTimeoutDefault
requestVersion = HTTP/1.1
proxySecureMode = ProxySecureWithConnect
}
(StatusCodeException (Response {responseStatus = Status {statusCode = 404, statusMessage = "Not Found"}, responseVersion = HTTP/1.1, responseHeaders = [("Connection","keep-alive"),("Content-Length","14"),("Content-Security-Policy","default-src 'none'; style-src 'unsafe-inline'; sandbox"),("Strict-Transport-Security","max-age=31536000"),("X-Content-Type-Options","nosniff"),("X-Frame-Options","deny"),("X-XSS-Protection","1; mode=block"),("Content-Type","text/plain; charset=utf-8"),("X-GitHub-Request-Id","0D47:35FBF8:5E8618:C9B229:68E2FE93"),("Accept-Ranges","bytes"),("Date","Sun, 05 Oct 2025 23:26:13 GMT"),("Via","1.1 varnish"),("X-Served-By","cache-lcy-eglc8600049-LCY"),("X-Cache","MISS"),("X-Cache-Hits","0"),("X-Timer","S1759706773.047521,VS0,VE140"),("Vary","Authorization,Accept-Encoding"),("Access-Control-Allow-Origin","*"),("Cross-Origin-Resource-Policy","cross-origin"),("X-Fastly-Request-ID","e6e73f5c7116624a93f9138664d19a3c15bf76b5"),("Expires","Sun, 05 Oct 2025 23:31:13 GMT"),("Source-Age","0")], responseBody = (), responseCookieJar = CJ {expose = []}, responseClose' = ResponseClose, responseOriginalRequest = Request {
host = "raw.githubusercontent.com"
port = 443
secure = True
requestHeaders = []
path = "/ITSLeeds/TDS/master/courses/2day/images/autocomplete.jpg"
queryString = ""
method = "GET"
proxy = Nothing
rawBody = False
redirectCount = 10
responseTimeout = ResponseTimeoutDefault
requestVersion = HTTP/1.1
proxySecureMode = ProxySecureWithConnect
}
, responseEarlyHints = []}) "404: Not Found")
[WARNING] Could not fetch resource https://raw.githubusercontent.com/ITSLeeds/TDS/master/courses/2day/images/fucntionhelp.jpg: HttpExceptionRequest Request {
host = "raw.githubusercontent.com"
port = 443
secure = True
requestHeaders = []
path = "/ITSLeeds/TDS/master/courses/2day/images/fucntionhelp.jpg"
queryString = ""
method = "GET"
proxy = Nothing
rawBody = False
redirectCount = 10
responseTimeout = ResponseTimeoutDefault
requestVersion = HTTP/1.1
proxySecureMode = ProxySecureWithConnect
}
(StatusCodeException (Response {responseStatus = Status {statusCode = 404, statusMessage = "Not Found"}, responseVersion = HTTP/1.1, responseHeaders = [("Connection","keep-alive"),("Content-Length","14"),("Content-Security-Policy","default-src 'none'; style-src 'unsafe-inline'; sandbox"),("Strict-Transport-Security","max-age=31536000"),("X-Content-Type-Options","nosniff"),("X-Frame-Options","deny"),("X-XSS-Protection","1; mode=block"),("Content-Type","text/plain; charset=utf-8"),("X-GitHub-Request-Id","1D77:25D625:35B5EE:71597D:68E2FE91"),("Accept-Ranges","bytes"),("Date","Sun, 05 Oct 2025 23:26:13 GMT"),("Via","1.1 varnish"),("X-Served-By","cache-lcy-eglc8600049-LCY"),("X-Cache","MISS"),("X-Cache-Hits","0"),("X-Timer","S1759706773.264453,VS0,VE127"),("Vary","Authorization,Accept-Encoding"),("Access-Control-Allow-Origin","*"),("Cross-Origin-Resource-Policy","cross-origin"),("X-Fastly-Request-ID","af07cf9cc07c7357bbe8086b04187072e122d9b5"),("Expires","Sun, 05 Oct 2025 23:31:13 GMT"),("Source-Age","0")], responseBody = (), responseCookieJar = CJ {expose = []}, responseClose' = ResponseClose, responseOriginalRequest = Request {
host = "raw.githubusercontent.com"
port = 443
secure = True
requestHeaders = []
path = "/ITSLeeds/TDS/master/courses/2day/images/fucntionhelp.jpg"
queryString = ""
method = "GET"
proxy = Nothing
rawBody = False
redirectCount = 10
responseTimeout = ResponseTimeoutDefault
requestVersion = HTTP/1.1
proxySecureMode = ProxySecureWithConnect
}
, responseEarlyHints = []}) "404: Not Found")
--- finished re-building ‘stats19-training.Rmd’
--- re-building ‘stats19-vehicles.Rmd’ using rmarkdown
[WARNING] Deprecated: --highlight-style. Use --syntax-highlighting instead.
--- finished re-building ‘stats19-vehicles.Rmd’
--- re-building ‘stats19.Rmd’ using rmarkdown
Quitting from stats19.Rmd:366-374 [nfatalities]
~~~~~~~~~~~~~~~~~~~~~~~~~~~~~~~~~~~~~~~~~~~~~~~~~~~~~~~~~~~~~~~~~~~~~~~~~~~~~~~~
NULL
~~~~~~~~~~~~~~~~~~~~~~~~~~~~~~~~~~~~~~~~~~~~~~~~~~~~~~~~~~~~~~~~~~~~~~~~~~~~~~~~
Error: processing vignette 'stats19.Rmd' failed with diagnostics:
ℹ In argument: `accident_severity == "Fatal"`.
Caused by error:
! object 'accident_severity' not found
--- failed re-building ‘stats19.Rmd’
SUMMARY: processing the following file failed:
‘stats19.Rmd’
Error: Vignette re-building failed.
Execution halted
Flavor: r-devel-linux-x86_64-fedora-gcc
Version: 3.3.1
Check: re-building of vignette outputs
Result: ERROR
Error(s) in re-building vignettes:
--- re-building 'blog.Rmd' using rmarkdown
[WARNING] Citeproc: citation sarkar_street_2018 not found
--- finished re-building 'blog.Rmd'
--- re-building 'stats19-training-setup.Rmd' using rmarkdown
--- finished re-building 'stats19-training-setup.Rmd'
--- re-building 'stats19-training.Rmd' using rmarkdown
--- finished re-building 'stats19-training.Rmd'
--- re-building 'stats19-vehicles.Rmd' using rmarkdown
--- finished re-building 'stats19-vehicles.Rmd'
--- re-building 'stats19.Rmd' using rmarkdown
Quitting from stats19.Rmd:366-374 [nfatalities]
~~~~~~~~~~~~~~~~~~~~~~~~~~~~~~~~~~~~~~~~~~~~~~~~~~~~~~~~~~~~~~~~~~~~~~~~~~~~~~~~
NULL
~~~~~~~~~~~~~~~~~~~~~~~~~~~~~~~~~~~~~~~~~~~~~~~~~~~~~~~~~~~~~~~~~~~~~~~~~~~~~~~~
Error: processing vignette 'stats19.Rmd' failed with diagnostics:
ℹ In argument: `accident_severity == "Fatal"`.
Caused by error:
! object 'accident_severity' not found
--- failed re-building 'stats19.Rmd'
SUMMARY: processing the following file failed:
'stats19.Rmd'
Error: Vignette re-building failed.
Execution halted
Flavors: r-devel-windows-x86_64, r-release-windows-x86_64, r-oldrel-windows-x86_64
Version: 3.3.1
Check: re-building of vignette outputs
Result: ERROR
Error(s) in re-building vignettes:
...
--- re-building ‘blog.Rmd’ using rmarkdown
[WARNING] Deprecated: --highlight-style. Use --syntax-highlighting instead.
[WARNING] Citeproc: citation sarkar_street_2018 not found
--- finished re-building ‘blog.Rmd’
--- re-building ‘stats19-training-setup.Rmd’ using rmarkdown
[WARNING] Deprecated: --highlight-style. Use --syntax-highlighting instead.
--- finished re-building ‘stats19-training-setup.Rmd’
--- re-building ‘stats19-training.Rmd’ using rmarkdown
[WARNING] Deprecated: --highlight-style. Use --syntax-highlighting instead.
[WARNING] Could not fetch resource https://raw.githubusercontent.com/ITSLeeds/TDS/master/courses/2day/images/rstudio-ui.png: HttpExceptionRequest Request {
host = "raw.githubusercontent.com"
port = 443
secure = True
requestHeaders = []
path = "/ITSLeeds/TDS/master/courses/2day/images/rstudio-ui.png"
queryString = ""
method = "GET"
proxy = Nothing
rawBody = False
redirectCount = 10
responseTimeout = ResponseTimeoutDefault
requestVersion = HTTP/1.1
proxySecureMode = ProxySecureWithConnect
}
(StatusCodeException (Response {responseStatus = Status {statusCode = 404, statusMessage = "Not Found"}, responseVersion = HTTP/1.1, responseHeaders = [("Connection","keep-alive"),("Content-Length","14"),("Content-Security-Policy","default-src 'none'; style-src 'unsafe-inline'; sandbox"),("Strict-Transport-Security","max-age=31536000"),("X-Content-Type-Options","nosniff"),("X-Frame-Options","deny"),("X-XSS-Protection","1; mode=block"),("Content-Type","text/plain; charset=utf-8"),("X-GitHub-Request-Id","9F4C:120331:AD1EC4:C9196F:68DD7088"),("Accept-Ranges","bytes"),("Date","Wed, 01 Oct 2025 18:18:50 GMT"),("Via","1.1 varnish"),("X-Served-By","cache-vie6377-VIE"),("X-Cache","MISS"),("X-Cache-Hits","0"),("X-Timer","S1759342730.414517,VS0,VE150"),("Vary","Authorization,Accept-Encoding"),("Access-Control-Allow-Origin","*"),("Cross-Origin-Resource-Policy","cross-origin"),("X-Fastly-Request-ID","b3f25b5e0d8bb1e844dac74d8706927247431fcd"),("Expires","Wed, 01 Oct 2025 18:23:50 GMT"),("Source-Age","0")], responseBody = (), responseCookieJar = CJ {expose = []}, responseClose' = ResponseClose, responseOriginalRequest = Request {
host = "raw.githubusercontent.com"
port = 443
secure = True
requestHeaders = []
path = "/ITSLeeds/TDS/master/courses/2day/images/rstudio-ui.png"
queryString = ""
method = "GET"
proxy = Nothing
rawBody = False
redirectCount = 10
responseTimeout = ResponseTimeoutDefault
requestVersion = HTTP/1.1
proxySecureMode = ProxySecureWithConnect
}
, responseEarlyHints = []}) "404: Not Found")
[WARNING] Could not fetch resource https://raw.githubusercontent.com/ITSLeeds/TDS/master/courses/2day/images/autocomplete.jpg: HttpExceptionRequest Request {
host = "raw.githubusercontent.com"
port = 443
secure = True
requestHeaders = []
path = "/ITSLeeds/TDS/master/courses/2day/images/autocomplete.jpg"
queryString = ""
method = "GET"
proxy = Nothing
rawBody = False
redirectCount = 10
responseTimeout = ResponseTimeoutDefault
requestVersion = HTTP/1.1
proxySecureMode = ProxySecureWithConnect
}
(StatusCodeException (Response {responseStatus = Status {statusCode = 404, statusMessage = "Not Found"}, responseVersion = HTTP/1.1, responseHeaders = [("Connection","keep-alive"),("Content-Length","14"),("Content-Security-Policy","default-src 'none'; style-src 'unsafe-inline'; sandbox"),("Strict-Transport-Security","max-age=31536000"),("X-Content-Type-Options","nosniff"),("X-Frame-Options","deny"),("X-XSS-Protection","1; mode=block"),("Content-Type","text/plain; charset=utf-8"),("X-GitHub-Request-Id","AB82:38B63D:AEE930:CADB00:68DD7087"),("Accept-Ranges","bytes"),("Date","Wed, 01 Oct 2025 18:18:50 GMT"),("Via","1.1 varnish"),("X-Served-By","cache-vie6377-VIE"),("X-Cache","MISS"),("X-Cache-Hits","0"),("X-Timer","S1759342731.593544,VS0,VE159"),("Vary","Authorization,Accept-Encoding"),("Access-Control-Allow-Origin","*"),("Cross-Origin-Resource-Policy","cross-origin"),("X-Fastly-Request-ID","2acfa62a62c97cb8e56ee779be2186e2ed941ba4"),("Expires","Wed, 01 Oct 2025 18:23:50 GMT"),("Source-Age","0")], responseBody = (), responseCookieJar = CJ {expose = []}, responseClose' = ResponseClose, responseOriginalRequest = Request {
host = "raw.githubusercontent.com"
port = 443
secure = True
requestHeaders = []
path = "/ITSLeeds/TDS/master/courses/2day/images/autocomplete.jpg"
queryString = ""
method = "GET"
proxy = Nothing
rawBody = False
redirectCount = 10
responseTimeout = ResponseTimeoutDefault
requestVersion = HTTP/1.1
proxySecureMode = ProxySecureWithConnect
}
, responseEarlyHints = []}) "404: Not Found")
[WARNING] Could not fetch resource https://raw.githubusercontent.com/ITSLeeds/TDS/master/courses/2day/images/fucntionhelp.jpg: HttpExceptionRequest Request {
host = "raw.githubusercontent.com"
port = 443
secure = True
requestHeaders = []
path = "/ITSLeeds/TDS/master/courses/2day/images/fucntionhelp.jpg"
queryString = ""
method = "GET"
proxy = Nothing
rawBody = False
redirectCount = 10
responseTimeout = ResponseTimeoutDefault
requestVersion = HTTP/1.1
proxySecureMode = ProxySecureWithConnect
}
(StatusCodeException (Response {responseStatus = Status {statusCode = 404, statusMessage = "Not Found"}, responseVersion = HTTP/1.1, responseHeaders = [("Connection","keep-alive"),("Content-Length","14"),("Content-Security-Policy","default-src 'none'; style-src 'unsafe-inline'; sandbox"),("Strict-Transport-Security","max-age=31536000"),("X-Content-Type-Options","nosniff"),("X-Frame-Options","deny"),("X-XSS-Protection","1; mode=block"),("Content-Type","text/plain; charset=utf-8"),("X-GitHub-Request-Id","B2F6:977FF:AF1E80:CB1995:68DD7089"),("Accept-Ranges","bytes"),("Date","Wed, 01 Oct 2025 18:18:51 GMT"),("Via","1.1 varnish"),("X-Served-By","cache-vie6377-VIE"),("X-Cache","MISS"),("X-Cache-Hits","0"),("X-Timer","S1759342731.826766,VS0,VE208"),("Vary","Authorization,Accept-Encoding"),("Access-Control-Allow-Origin","*"),("Cross-Origin-Resource-Policy","cross-origin"),("X-Fastly-Request-ID","c470c9d75fb2517b6b6e18d577c833ed72953728"),("Expires","Wed, 01 Oct 2025 18:23:51 GMT"),("Source-Age","0")], responseBody = (), responseCookieJar = CJ {expose = []}, responseClose' = ResponseClose, responseOriginalRequest = Request {
host = "raw.githubusercontent.com"
port = 443
secure = True
requestHeaders = []
path = "/ITSLeeds/TDS/master/courses/2day/images/fucntionhelp.jpg"
queryString = ""
method = "GET"
proxy = Nothing
rawBody = False
redirectCount = 10
responseTimeout = ResponseTimeoutDefault
requestVersion = HTTP/1.1
proxySecureMode = ProxySecureWithConnect
}
, responseEarlyHints = []}) "404: Not Found")
--- finished re-building ‘stats19-training.Rmd’
--- re-building ‘stats19-vehicles.Rmd’ using rmarkdown
[WARNING] Deprecated: --highlight-style. Use --syntax-highlighting instead.
--- finished re-building ‘stats19-vehicles.Rmd’
--- re-building ‘stats19.Rmd’ using rmarkdown
Quitting from stats19.Rmd:366-374 [nfatalities]
~~~~~~~~~~~~~~~~~~~~~~~~~~~~~~~~~~~~~~~~~~~~~~~~~~~~~~~~~~~~~~~~~~~~~~~~~~~~~~~~
NULL
~~~~~~~~~~~~~~~~~~~~~~~~~~~~~~~~~~~~~~~~~~~~~~~~~~~~~~~~~~~~~~~~~~~~~~~~~~~~~~~~
Error: processing vignette 'stats19.Rmd' failed with diagnostics:
ℹ In argument: `accident_severity == "Fatal"`.
Caused by error:
! object 'accident_severity' not found
--- failed re-building ‘stats19.Rmd’
SUMMARY: processing the following file failed:
‘stats19.Rmd’
Error: Vignette re-building failed.
Execution halted
Flavor: r-patched-linux-x86_64
Version: 3.3.1
Check: re-building of vignette outputs
Result: ERROR
Error(s) in re-building vignettes:
...
--- re-building ‘blog.Rmd’ using rmarkdown
[WARNING] Deprecated: --highlight-style. Use --syntax-highlighting instead.
[WARNING] Citeproc: citation sarkar_street_2018 not found
--- finished re-building ‘blog.Rmd’
--- re-building ‘stats19-training-setup.Rmd’ using rmarkdown
[WARNING] Deprecated: --highlight-style. Use --syntax-highlighting instead.
--- finished re-building ‘stats19-training-setup.Rmd’
--- re-building ‘stats19-training.Rmd’ using rmarkdown
[WARNING] Deprecated: --highlight-style. Use --syntax-highlighting instead.
[WARNING] Could not fetch resource https://raw.githubusercontent.com/ITSLeeds/TDS/master/courses/2day/images/rstudio-ui.png: HttpExceptionRequest Request {
host = "raw.githubusercontent.com"
port = 443
secure = True
requestHeaders = []
path = "/ITSLeeds/TDS/master/courses/2day/images/rstudio-ui.png"
queryString = ""
method = "GET"
proxy = Nothing
rawBody = False
redirectCount = 10
responseTimeout = ResponseTimeoutDefault
requestVersion = HTTP/1.1
proxySecureMode = ProxySecureWithConnect
}
(StatusCodeException (Response {responseStatus = Status {statusCode = 404, statusMessage = "Not Found"}, responseVersion = HTTP/1.1, responseHeaders = [("Connection","keep-alive"),("Content-Length","14"),("Content-Security-Policy","default-src 'none'; style-src 'unsafe-inline'; sandbox"),("Strict-Transport-Security","max-age=31536000"),("X-Content-Type-Options","nosniff"),("X-Frame-Options","deny"),("X-XSS-Protection","1; mode=block"),("Content-Type","text/plain; charset=utf-8"),("X-GitHub-Request-Id","BD40:2C5967:A822:B8B8:68E1637E"),("Accept-Ranges","bytes"),("Date","Sat, 04 Oct 2025 18:12:14 GMT"),("Via","1.1 varnish"),("X-Served-By","cache-vie6367-VIE"),("X-Cache","MISS"),("X-Cache-Hits","0"),("X-Timer","S1759601534.334954,VS0,VE186"),("Vary","Authorization,Accept-Encoding"),("Access-Control-Allow-Origin","*"),("Cross-Origin-Resource-Policy","cross-origin"),("X-Fastly-Request-ID","ced73c8ec4e4d5ea14e983a1bcbc7e8b838eab2f"),("Expires","Sat, 04 Oct 2025 18:17:14 GMT"),("Source-Age","0")], responseBody = (), responseCookieJar = CJ {expose = []}, responseClose' = ResponseClose, responseOriginalRequest = Request {
host = "raw.githubusercontent.com"
port = 443
secure = True
requestHeaders = []
path = "/ITSLeeds/TDS/master/courses/2day/images/rstudio-ui.png"
queryString = ""
method = "GET"
proxy = Nothing
rawBody = False
redirectCount = 10
responseTimeout = ResponseTimeoutDefault
requestVersion = HTTP/1.1
proxySecureMode = ProxySecureWithConnect
}
, responseEarlyHints = []}) "404: Not Found")
[WARNING] Could not fetch resource https://raw.githubusercontent.com/ITSLeeds/TDS/master/courses/2day/images/autocomplete.jpg: HttpExceptionRequest Request {
host = "raw.githubusercontent.com"
port = 443
secure = True
requestHeaders = []
path = "/ITSLeeds/TDS/master/courses/2day/images/autocomplete.jpg"
queryString = ""
method = "GET"
proxy = Nothing
rawBody = False
redirectCount = 10
responseTimeout = ResponseTimeoutDefault
requestVersion = HTTP/1.1
proxySecureMode = ProxySecureWithConnect
}
(StatusCodeException (Response {responseStatus = Status {statusCode = 404, statusMessage = "Not Found"}, responseVersion = HTTP/1.1, responseHeaders = [("Connection","keep-alive"),("Content-Length","14"),("Content-Security-Policy","default-src 'none'; style-src 'unsafe-inline'; sandbox"),("Strict-Transport-Security","max-age=31536000"),("X-Content-Type-Options","nosniff"),("X-Frame-Options","deny"),("X-XSS-Protection","1; mode=block"),("Content-Type","text/plain; charset=utf-8"),("X-GitHub-Request-Id","4734:21EB4E:2DF775:3455C2:68E1637E"),("Accept-Ranges","bytes"),("Date","Sat, 04 Oct 2025 18:12:14 GMT"),("Via","1.1 varnish"),("X-Served-By","cache-vie6367-VIE"),("X-Cache","MISS"),("X-Cache-Hits","0"),("X-Timer","S1759601535.537225,VS0,VE150"),("Vary","Authorization,Accept-Encoding"),("Access-Control-Allow-Origin","*"),("Cross-Origin-Resource-Policy","cross-origin"),("X-Fastly-Request-ID","387ed14aa7510d269f4e83a661f565f4068f4456"),("Expires","Sat, 04 Oct 2025 18:17:14 GMT"),("Source-Age","0")], responseBody = (), responseCookieJar = CJ {expose = []}, responseClose' = ResponseClose, responseOriginalRequest = Request {
host = "raw.githubusercontent.com"
port = 443
secure = True
requestHeaders = []
path = "/ITSLeeds/TDS/master/courses/2day/images/autocomplete.jpg"
queryString = ""
method = "GET"
proxy = Nothing
rawBody = False
redirectCount = 10
responseTimeout = ResponseTimeoutDefault
requestVersion = HTTP/1.1
proxySecureMode = ProxySecureWithConnect
}
, responseEarlyHints = []}) "404: Not Found")
[WARNING] Could not fetch resource https://raw.githubusercontent.com/ITSLeeds/TDS/master/courses/2day/images/fucntionhelp.jpg: HttpExceptionRequest Request {
host = "raw.githubusercontent.com"
port = 443
secure = True
requestHeaders = []
path = "/ITSLeeds/TDS/master/courses/2day/images/fucntionhelp.jpg"
queryString = ""
method = "GET"
proxy = Nothing
rawBody = False
redirectCount = 10
responseTimeout = ResponseTimeoutDefault
requestVersion = HTTP/1.1
proxySecureMode = ProxySecureWithConnect
}
(StatusCodeException (Response {responseStatus = Status {statusCode = 404, statusMessage = "Not Found"}, responseVersion = HTTP/1.1, responseHeaders = [("Connection","keep-alive"),("Content-Length","14"),("Content-Security-Policy","default-src 'none'; style-src 'unsafe-inline'; sandbox"),("Strict-Transport-Security","max-age=31536000"),("X-Content-Type-Options","nosniff"),("X-Frame-Options","deny"),("X-XSS-Protection","1; mode=block"),("Content-Type","text/plain; charset=utf-8"),("X-GitHub-Request-Id","35F8:27F323:ECA9:10356:68E1637E"),("Accept-Ranges","bytes"),("Date","Sat, 04 Oct 2025 18:12:14 GMT"),("Via","1.1 varnish"),("X-Served-By","cache-vie6367-VIE"),("X-Cache","MISS"),("X-Cache-Hits","0"),("X-Timer","S1759601535.722312,VS0,VE188"),("Vary","Authorization,Accept-Encoding"),("Access-Control-Allow-Origin","*"),("Cross-Origin-Resource-Policy","cross-origin"),("X-Fastly-Request-ID","c59e3cdf906720fb7bfc1633e586adb83007551d"),("Expires","Sat, 04 Oct 2025 18:17:14 GMT"),("Source-Age","0")], responseBody = (), responseCookieJar = CJ {expose = []}, responseClose' = ResponseClose, responseOriginalRequest = Request {
host = "raw.githubusercontent.com"
port = 443
secure = True
requestHeaders = []
path = "/ITSLeeds/TDS/master/courses/2day/images/fucntionhelp.jpg"
queryString = ""
method = "GET"
proxy = Nothing
rawBody = False
redirectCount = 10
responseTimeout = ResponseTimeoutDefault
requestVersion = HTTP/1.1
proxySecureMode = ProxySecureWithConnect
}
, responseEarlyHints = []}) "404: Not Found")
--- finished re-building ‘stats19-training.Rmd’
--- re-building ‘stats19-vehicles.Rmd’ using rmarkdown
[WARNING] Deprecated: --highlight-style. Use --syntax-highlighting instead.
--- finished re-building ‘stats19-vehicles.Rmd’
--- re-building ‘stats19.Rmd’ using rmarkdown
Quitting from stats19.Rmd:366-374 [nfatalities]
~~~~~~~~~~~~~~~~~~~~~~~~~~~~~~~~~~~~~~~~~~~~~~~~~~~~~~~~~~~~~~~~~~~~~~~~~~~~~~~~
NULL
~~~~~~~~~~~~~~~~~~~~~~~~~~~~~~~~~~~~~~~~~~~~~~~~~~~~~~~~~~~~~~~~~~~~~~~~~~~~~~~~
Error: processing vignette 'stats19.Rmd' failed with diagnostics:
ℹ In argument: `accident_severity == "Fatal"`.
Caused by error:
! object 'accident_severity' not found
--- failed re-building ‘stats19.Rmd’
SUMMARY: processing the following file failed:
‘stats19.Rmd’
Error: Vignette re-building failed.
Execution halted
Flavor: r-release-linux-x86_64