CRAN Package Check Results for Package ssaBSS

Last updated on 2025-07-22 08:48:46 CEST.

Flavor Version Tinstall Tcheck Ttotal Status Flags
r-devel-linux-x86_64-debian-clang 0.1.1 14.22 113.06 127.28 NOTE
r-devel-linux-x86_64-debian-gcc 0.1.1 8.55 79.47 88.02 NOTE
r-devel-linux-x86_64-fedora-clang 0.1.1 195.61 NOTE
r-devel-linux-x86_64-fedora-gcc 0.1.1 186.21 NOTE
r-devel-windows-x86_64 0.1.1 15.00 110.00 125.00 NOTE
r-patched-linux-x86_64 0.1.1 12.65 106.50 119.15 NOTE
r-release-linux-x86_64 0.1.1 13.39 106.76 120.15 NOTE
r-release-macos-arm64 0.1.1 47.00 NOTE
r-release-macos-x86_64 0.1.1 90.00 NOTE
r-release-windows-x86_64 0.1.1 15.00 110.00 125.00 NOTE
r-oldrel-macos-arm64 0.1.1 49.00 NOTE
r-oldrel-macos-x86_64 0.1.1 71.00 NOTE
r-oldrel-windows-x86_64 0.1.1 20.00 142.00 162.00 NOTE

Check Details

Version: 0.1.1
Check: Rd files
Result: NOTE checkRd: (-1) ssaBSS-package.Rd:22: Lost braces in \itemize; meant \describe ? checkRd: (-1) ssaBSS-package.Rd:23: Lost braces in \itemize; meant \describe ? checkRd: (-1) ssaBSS-package.Rd:24: Lost braces in \itemize; meant \describe ? checkRd: (-1) ssaBSS-package.Rd:25: Lost braces in \itemize; meant \describe ? checkRd: (-1) ssaBSS-package.Rd:26: Lost braces in \itemize; meant \describe ? Flavors: r-devel-linux-x86_64-debian-clang, r-devel-linux-x86_64-debian-gcc, r-devel-linux-x86_64-fedora-clang, r-devel-linux-x86_64-fedora-gcc, r-devel-windows-x86_64, r-patched-linux-x86_64, r-release-linux-x86_64, r-release-macos-arm64, r-release-macos-x86_64, r-release-windows-x86_64, r-oldrel-macos-arm64, r-oldrel-macos-x86_64, r-oldrel-windows-x86_64