CRAN Package Check Results for Package spsur

Last updated on 2025-09-30 20:50:53 CEST.

Flavor Version Tinstall Tcheck Ttotal Status Flags
r-devel-linux-x86_64-debian-clang 1.0.2.6 20.40 186.07 206.47 OK
r-devel-linux-x86_64-debian-gcc 1.0.2.6 14.41 130.11 144.52 OK
r-devel-linux-x86_64-fedora-clang 1.0.2.6 323.02 OK
r-devel-linux-x86_64-fedora-gcc 1.0.2.6 325.13 OK
r-devel-windows-x86_64 1.0.2.6 24.00 169.00 193.00 OK
r-patched-linux-x86_64 1.0.2.6 22.78 174.92 197.70 OK
r-release-linux-x86_64 1.0.2.6 18.58 176.62 195.20 OK
r-release-macos-arm64 1.0.2.6 79.00 OK
r-release-macos-x86_64 1.0.2.6 169.00 OK
r-release-windows-x86_64 1.0.2.6 24.00 161.00 185.00 OK
r-oldrel-macos-arm64 1.0.2.6 81.00 NOTE
r-oldrel-macos-x86_64 1.0.2.6 170.00 NOTE
r-oldrel-windows-x86_64 1.0.2.6 31.00 208.00 239.00 NOTE

Check Details

Version: 1.0.2.6
Check: installed package size
Result: NOTE installed size is 6.9Mb sub-directories of 1Mb or more: doc 5.5Mb Flavors: r-oldrel-macos-arm64, r-oldrel-macos-x86_64, r-oldrel-windows-x86_64