CRAN Package Check Results for Package spatstat.local

Last updated on 2025-07-27 08:48:43 CEST.

Flavor Version Tinstall Tcheck Ttotal Status Flags
r-devel-linux-x86_64-debian-clang 5.1-0 13.03 134.85 147.88 OK
r-devel-linux-x86_64-debian-gcc 5.1-0 8.46 95.05 103.51 OK
r-devel-linux-x86_64-fedora-clang 5.1-0 231.83 OK
r-devel-linux-x86_64-fedora-gcc 5.1-0 232.14 OK
r-devel-windows-x86_64 5.1-0 15.00 152.00 167.00 OK
r-patched-linux-x86_64 5.1-0 12.29 128.76 141.05 OK
r-release-linux-x86_64 5.1-0 12.15 128.68 140.83 OK
r-release-macos-arm64 5.1-0 57.00 OK
r-release-macos-x86_64 5.1-0 127.00 OK
r-release-windows-x86_64 5.1-0 14.00 150.00 164.00 OK
r-oldrel-macos-arm64 5.1-0 65.00 NOTE
r-oldrel-macos-x86_64 5.1-0 173.00 NOTE
r-oldrel-windows-x86_64 5.1-0 18.00 195.00 213.00 NOTE

Check Details

Version: 5.1-0
Check: package dependencies
Result: NOTE Depends: includes the non-default packages: 'spatstat.data', 'spatstat.univar', 'spatstat.sparse', 'spatstat.geom', 'spatstat.random', 'spatstat.explore', 'spatstat.model', 'spatstat' Adding so many packages to the search path is excessive and importing selectively is preferable. Flavors: r-oldrel-macos-arm64, r-oldrel-macos-x86_64, r-oldrel-windows-x86_64