Last updated on 2025-11-28 19:50:27 CET.
| Flavor | Version | Tinstall | Tcheck | Ttotal | Status | Flags |
|---|---|---|---|---|---|---|
| r-devel-linux-x86_64-debian-clang | 3.4-1 | 8.27 | 177.41 | 185.68 | OK | |
| r-devel-linux-x86_64-debian-gcc | 3.4-1 | 6.92 | 132.99 | 139.91 | OK | |
| r-devel-linux-x86_64-fedora-clang | 3.4-1 | 18.00 | 261.92 | 279.92 | OK | |
| r-devel-linux-x86_64-fedora-gcc | 3.4-1 | 17.00 | 275.52 | 292.52 | OK | |
| r-devel-windows-x86_64 | 3.4-1 | 14.00 | 240.00 | 254.00 | OK | |
| r-patched-linux-x86_64 | 3.4-1 | 9.21 | 169.22 | 178.43 | OK | |
| r-release-linux-x86_64 | 3.4-1 | 7.96 | 170.36 | 178.32 | OK | |
| r-release-macos-arm64 | 3.4-1 | OK | ||||
| r-release-macos-x86_64 | 3.4-1 | 14.00 | 282.00 | 296.00 | OK | |
| r-release-windows-x86_64 | 3.4-1 | 10.00 | 281.00 | 291.00 | OK | |
| r-oldrel-macos-arm64 | 3.4-1 | NOTE | ||||
| r-oldrel-macos-x86_64 | 3.4-1 | 20.00 | 284.00 | 304.00 | NOTE | |
| r-oldrel-windows-x86_64 | 3.4-1 | 13.00 | 267.00 | 280.00 | NOTE |
Version: 3.4-1
Check: package dependencies
Result: NOTE
Depends: includes the non-default packages:
'spatstat.data', 'spatstat.univar', 'spatstat.geom',
'spatstat.random', 'spatstat.explore', 'spatstat.model',
'spatstat.linnet'
Adding so many packages to the search path is excessive and importing
selectively is preferable.
Flavors: r-oldrel-macos-arm64, r-oldrel-macos-x86_64, r-oldrel-windows-x86_64
Version: 3.4-1
Check: installed package size
Result: NOTE
installed size is 5.4Mb
sub-directories of 1Mb or more:
doc 4.7Mb
Flavors: r-oldrel-macos-arm64, r-oldrel-macos-x86_64, r-oldrel-windows-x86_64