Last updated on 2025-07-22 08:48:45 CEST.
Flavor | Version | Tinstall | Tcheck | Ttotal | Status | Flags |
---|---|---|---|---|---|---|
r-devel-linux-x86_64-debian-clang | 3.1-2 | 10.75 | 83.84 | 94.59 | OK | |
r-devel-linux-x86_64-debian-gcc | 3.1-2 | 7.71 | 64.24 | 71.95 | OK | |
r-devel-linux-x86_64-fedora-clang | 3.1-2 | 152.70 | OK | |||
r-devel-linux-x86_64-fedora-gcc | 3.1-2 | 147.94 | OK | |||
r-devel-windows-x86_64 | 3.1-2 | 14.00 | 92.00 | 106.00 | OK | |
r-patched-linux-x86_64 | 3.1-2 | 9.53 | 79.19 | 88.72 | OK | |
r-release-linux-x86_64 | 3.1-2 | 8.98 | 78.58 | 87.56 | OK | |
r-release-macos-arm64 | 3.1-2 | 42.00 | OK | |||
r-release-macos-x86_64 | 3.1-2 | 88.00 | OK | |||
r-release-windows-x86_64 | 3.1-2 | 14.00 | 90.00 | 104.00 | OK | |
r-oldrel-macos-arm64 | 3.1-2 | 45.00 | NOTE | |||
r-oldrel-macos-x86_64 | 3.1-2 | 103.00 | NOTE | |||
r-oldrel-windows-x86_64 | 3.1-2 | 19.00 | 120.00 | 139.00 | NOTE |
Version: 3.1-2
Check: package dependencies
Result: NOTE
Depends: includes the non-default packages:
'spatstat.data', 'spatstat.sparse', 'spatstat.univar',
'spatstat.geom', 'spatstat.random', 'spatstat.explore',
'spatstat.model', 'spatstat.linnet', 'spatstat'
Adding so many packages to the search path is excessive and importing
selectively is preferable.
Flavors: r-oldrel-macos-arm64, r-oldrel-macos-x86_64, r-oldrel-windows-x86_64