Last updated on 2025-09-30 20:50:52 CEST.
Flavor | Version | Tinstall | Tcheck | Ttotal | Status | Flags |
---|---|---|---|---|---|---|
r-devel-linux-x86_64-debian-clang | 4.6.1 | 172.46 | 340.55 | 513.01 | OK | |
r-devel-linux-x86_64-debian-gcc | 4.6.1 | 126.75 | 221.16 | 347.91 | OK | |
r-devel-linux-x86_64-fedora-clang | 4.6.1 | 804.94 | OK | |||
r-devel-linux-x86_64-fedora-gcc | 4.6.1 | 841.91 | OK | |||
r-devel-windows-x86_64 | 4.6.1 | 174.00 | 327.00 | 501.00 | OK | |
r-patched-linux-x86_64 | 4.6.1 | 191.56 | 331.42 | 522.98 | OK | |
r-release-linux-x86_64 | 4.6.1 | 182.20 | 327.95 | 510.15 | OK | |
r-release-macos-arm64 | 4.6.1 | 178.00 | OK | |||
r-release-macos-x86_64 | 4.6.1 | 395.00 | OK | |||
r-release-windows-x86_64 | 4.6.1 | 169.00 | 337.00 | 506.00 | OK | |
r-oldrel-macos-arm64 | 4.6.1 | 185.00 | NOTE | |||
r-oldrel-macos-x86_64 | 4.6.1 | 412.00 | NOTE | |||
r-oldrel-windows-x86_64 | 4.6.1 | 222.00 | 454.00 | 676.00 | NOTE |
Version: 4.6.1
Check: installed package size
Result: NOTE
installed size is 39.3Mb
sub-directories of 1Mb or more:
R 3.1Mb
libs 34.9Mb
Flavors: r-oldrel-macos-arm64, r-oldrel-macos-x86_64, r-oldrel-windows-x86_64