CRAN Package Check Results for Package spOccupancy

Last updated on 2025-09-30 20:50:53 CEST.

Flavor Version Tinstall Tcheck Ttotal Status Flags
r-devel-linux-x86_64-debian-clang 0.8.0 151.82 360.33 512.15 OK
r-devel-linux-x86_64-debian-gcc 0.8.0 98.30 215.43 313.73 OK
r-devel-linux-x86_64-fedora-clang 0.8.0 828.78 OK
r-devel-linux-x86_64-fedora-gcc 0.8.0 792.45 OK
r-devel-windows-x86_64 0.8.0 168.00 342.00 510.00 OK
r-patched-linux-x86_64 0.8.0 162.68 328.73 491.41 OK
r-release-linux-x86_64 0.8.0 149.68 332.15 481.83 OK
r-release-macos-arm64 0.8.0 182.00 OK
r-release-macos-x86_64 0.8.0 368.00 OK
r-release-windows-x86_64 0.8.0 164.00 347.00 511.00 OK
r-oldrel-macos-arm64 0.8.0 174.00 NOTE
r-oldrel-macos-x86_64 0.8.0 320.00 NOTE
r-oldrel-windows-x86_64 0.8.0 214.00 447.00 661.00 OK

Check Details

Version: 0.8.0
Check: installed package size
Result: NOTE installed size is 6.6Mb sub-directories of 1Mb or more: R 2.0Mb libs 3.2Mb Flavors: r-oldrel-macos-arm64, r-oldrel-macos-x86_64