Last updated on 2025-07-21 20:50:18 CEST.
Flavor | Version | Tinstall | Tcheck | Ttotal | Status | Flags |
---|---|---|---|---|---|---|
r-devel-linux-x86_64-debian-clang | 1.0.6 | 13.13 | 121.04 | 134.17 | OK | |
r-devel-linux-x86_64-debian-gcc | 1.0.6 | 10.21 | 96.56 | 106.77 | ERROR | |
r-devel-linux-x86_64-fedora-clang | 1.0.6 | 252.10 | OK | |||
r-devel-linux-x86_64-fedora-gcc | 1.0.6 | 258.72 | OK | |||
r-devel-windows-x86_64 | 1.0.6 | 57.00 | 690.00 | 747.00 | OK | |
r-patched-linux-x86_64 | 1.0.6 | 11.86 | 113.92 | 125.78 | OK | |
r-release-linux-x86_64 | 1.0.6 | 10.57 | 114.61 | 125.18 | OK | |
r-release-macos-arm64 | 1.0.6 | 68.00 | OK | |||
r-release-macos-x86_64 | 1.0.6 | 127.00 | OK | |||
r-release-windows-x86_64 | 1.0.6 | 54.00 | 584.00 | 638.00 | OK | |
r-oldrel-macos-arm64 | 1.0.6 | 75.00 | OK | |||
r-oldrel-macos-x86_64 | 1.0.6 | 203.00 | OK | |||
r-oldrel-windows-x86_64 | 1.0.6 | 48.00 | 468.00 | 516.00 | OK |
Version: 1.0.6
Check: whether the package can be loaded
Result: ERROR
── Attaching sjSDM ──────────────────────────────────────────────────── 1.0.6 ──
Error in python_config_impl(python) :
Error running '/tmp/check-CRAN-regular-hornik/cache/R/reticulate/uv/cache/builds-v0/.tmpBltjvS/bin/python': No such file.
In addition: Warning message:
In normalizePath(python_home) :
path[1]="/tmp/check-CRAN-regular-hornik/cache/R/reticulate/uv/cache/builds-v0/.tmpBltjvS/bin": No such file or directory
Error in python_config_impl(python) :
Error running '/tmp/check-CRAN-regular-hornik/cache/R/reticulate/uv/cache/builds-v0/.tmp8lOzbs/bin/python': No such file.
In addition: Warning message:
In normalizePath(python_home) :
path[1]="/tmp/check-CRAN-regular-hornik/cache/R/reticulate/uv/cache/builds-v0/.tmp8lOzbs/bin": No such file or directory
Error in python_config_impl(python) :
Error running '/tmp/check-CRAN-regular-hornik/cache/R/reticulate/uv/cache/builds-v0/.tmpPaPds5/bin/python': No such file.
In addition: Warning message:
In normalizePath(python_home) :
path[1]="/tmp/check-CRAN-regular-hornik/cache/R/reticulate/uv/cache/builds-v0/.tmpPaPds5/bin": No such file or directory
Error in python_config_impl(python) :
Error running '/tmp/check-CRAN-regular-hornik/cache/R/reticulate/uv/cache/builds-v0/.tmpW0BI7S/bin/python': No such file.
In addition: Warning message:
In normalizePath(python_home) :
path[1]="/tmp/check-CRAN-regular-hornik/cache/R/reticulate/uv/cache/builds-v0/.tmpW0BI7S/bin": No such file or directory
✖ torch
✖ torch_optimizer
✖ pyro
✖ madgrad
Torch or other dependencies not found:
1. Use install_sjSDM() to install Pytorch and conda automatically
2. Installation trouble shooting guide: ?installation_help
3. If 1) and 2) did not help, please create an issue on <https://github.com/TheoreticalEcology/s-jSDM/issues> (see ?install_diagnostic)
It looks like this package has a loading problem: see the messages for
details.
Flavor: r-devel-linux-x86_64-debian-gcc
Version: 1.0.6
Check: whether the package can be loaded with stated dependencies
Result: WARN
── Attaching sjSDM ──────────────────────────────────────────────────── 1.0.6 ──
Error in python_config_impl(python) :
Error running '/tmp/check-CRAN-regular-hornik/cache/R/reticulate/uv/cache/builds-v0/.tmpoG4jMx/bin/python': No such file.
In addition: Warning message:
In normalizePath(python_home) :
path[1]="/tmp/check-CRAN-regular-hornik/cache/R/reticulate/uv/cache/builds-v0/.tmpoG4jMx/bin": No such file or directory
Error in python_config_impl(python) :
Error running '/tmp/check-CRAN-regular-hornik/cache/R/reticulate/uv/cache/builds-v0/.tmp2Q0Bkx/bin/python': No such file.
In addition: Warning message:
In normalizePath(python_home) :
path[1]="/tmp/check-CRAN-regular-hornik/cache/R/reticulate/uv/cache/builds-v0/.tmp2Q0Bkx/bin": No such file or directory
Error in python_config_impl(python) :
Error running '/tmp/check-CRAN-regular-hornik/cache/R/reticulate/uv/cache/builds-v0/.tmpiygGyB/bin/python': No such file.
In addition: Warning message:
In normalizePath(python_home) :
path[1]="/tmp/check-CRAN-regular-hornik/cache/R/reticulate/uv/cache/builds-v0/.tmpiygGyB/bin": No such file or directory
Error in python_config_impl(python) :
Error running '/tmp/check-CRAN-regular-hornik/cache/R/reticulate/uv/cache/builds-v0/.tmpb5idnB/bin/python': No such file.
In addition: Warning message:
In normalizePath(python_home) :
path[1]="/tmp/check-CRAN-regular-hornik/cache/R/reticulate/uv/cache/builds-v0/.tmpb5idnB/bin": No such file or directory
✖ torch
✖ torch_optimizer
✖ pyro
✖ madgrad
Torch or other dependencies not found:
1. Use install_sjSDM() to install Pytorch and conda automatically
2. Installation trouble shooting guide: ?installation_help
3. If 1) and 2) did not help, please create an issue on <https://github.com/TheoreticalEcology/s-jSDM/issues> (see ?install_diagnostic)
It looks like this package (or one of its dependent packages) has an
unstated dependence on a standard package. All dependencies must be
declared in DESCRIPTION.
See section ‘The DESCRIPTION file’ in the ‘Writing R Extensions’
manual.
Flavor: r-devel-linux-x86_64-debian-gcc
Version: 1.0.6
Check: whether the package can be unloaded cleanly
Result: WARN
---- unloading
Flavor: r-devel-linux-x86_64-debian-gcc
Version: 1.0.6
Check: whether the namespace can be loaded with stated dependencies
Result: WARN
Warning in normalizePath(python_home) :
path[1]="/tmp/check-CRAN-regular-hornik/cache/R/reticulate/uv/cache/builds-v0/.tmpleifGV/bin": No such file or directory
Error in python_config_impl(python) :
Error running '/tmp/check-CRAN-regular-hornik/cache/R/reticulate/uv/cache/builds-v0/.tmpleifGV/bin/python': No such file.
Warning in normalizePath(python_home) :
path[1]="/tmp/check-CRAN-regular-hornik/cache/R/reticulate/uv/cache/builds-v0/.tmplZg6pk/bin": No such file or directory
Error in python_config_impl(python) :
Error running '/tmp/check-CRAN-regular-hornik/cache/R/reticulate/uv/cache/builds-v0/.tmplZg6pk/bin/python': No such file.
Warning in normalizePath(python_home) :
path[1]="/tmp/check-CRAN-regular-hornik/cache/R/reticulate/uv/cache/builds-v0/.tmp1IYF3I/bin": No such file or directory
Error in python_config_impl(python) :
Error running '/tmp/check-CRAN-regular-hornik/cache/R/reticulate/uv/cache/builds-v0/.tmp1IYF3I/bin/python': No such file.
Warning in normalizePath(python_home) :
path[1]="/tmp/check-CRAN-regular-hornik/cache/R/reticulate/uv/cache/builds-v0/.tmphbMVGn/bin": No such file or directory
Error in python_config_impl(python) :
Error running '/tmp/check-CRAN-regular-hornik/cache/R/reticulate/uv/cache/builds-v0/.tmphbMVGn/bin/python': No such file.
A namespace must be able to be loaded with just the base namespace
loaded: otherwise if the namespace gets loaded by a saved object, the
session will be unable to start.
Probably some imports need to be declared in the NAMESPACE file.
Flavor: r-devel-linux-x86_64-debian-gcc
Version: 1.0.6
Check: whether the namespace can be unloaded cleanly
Result: WARN
---- unloading
Flavor: r-devel-linux-x86_64-debian-gcc
Version: 1.0.6
Check: loading without being on the library search path
Result: WARN
── Attaching sjSDM ──────────────────────────────────────────────────── 1.0.6 ──
Error in python_config_impl(python) :
Error running '/tmp/check-CRAN-regular-hornik/cache/R/reticulate/uv/cache/builds-v0/.tmp2DyHXf/bin/python': No such file.
In addition: Warning message:
In normalizePath(python_home) :
path[1]="/tmp/check-CRAN-regular-hornik/cache/R/reticulate/uv/cache/builds-v0/.tmp2DyHXf/bin": No such file or directory
Error in python_config_impl(python) :
Error running '/tmp/check-CRAN-regular-hornik/cache/R/reticulate/uv/cache/builds-v0/.tmph6HGRJ/bin/python': No such file.
In addition: Warning message:
In normalizePath(python_home) :
path[1]="/tmp/check-CRAN-regular-hornik/cache/R/reticulate/uv/cache/builds-v0/.tmph6HGRJ/bin": No such file or directory
Error in python_config_impl(python) :
Error running '/tmp/check-CRAN-regular-hornik/cache/R/reticulate/uv/cache/builds-v0/.tmpiF70pT/bin/python': No such file.
In addition: Warning message:
In normalizePath(python_home) :
path[1]="/tmp/check-CRAN-regular-hornik/cache/R/reticulate/uv/cache/builds-v0/.tmpiF70pT/bin": No such file or directory
Error in python_config_impl(python) :
Error running '/tmp/check-CRAN-regular-hornik/cache/R/reticulate/uv/cache/builds-v0/.tmpH4WkVG/bin/python': No such file.
In addition: Warning message:
In normalizePath(python_home) :
path[1]="/tmp/check-CRAN-regular-hornik/cache/R/reticulate/uv/cache/builds-v0/.tmpH4WkVG/bin": No such file or directory
✖ torch
✖ torch_optimizer
✖ pyro
✖ madgrad
Torch or other dependencies not found:
1. Use install_sjSDM() to install Pytorch and conda automatically
2. Installation trouble shooting guide: ?installation_help
3. If 1) and 2) did not help, please create an issue on <https://github.com/TheoreticalEcology/s-jSDM/issues> (see ?install_diagnostic)
It looks like this package has a loading problem when not on .libPaths:
see the messages for details.
Flavor: r-devel-linux-x86_64-debian-gcc
Version: 1.0.6
Check: whether startup messages can be suppressed
Result: NOTE
Error in python_config_impl(python) :
Error running '/tmp/check-CRAN-regular-hornik/cache/R/reticulate/uv/cache/builds-v0/.tmpNdbauy/bin/python': No such file.
Error in python_config_impl(python) :
Error running '/tmp/check-CRAN-regular-hornik/cache/R/reticulate/uv/cache/builds-v0/.tmpViz5m3/bin/python': No such file.
Error in python_config_impl(python) :
Error running '/tmp/check-CRAN-regular-hornik/cache/R/reticulate/uv/cache/builds-v0/.tmp3v5UX2/bin/python': No such file.
Error in python_config_impl(python) :
Error running '/tmp/check-CRAN-regular-hornik/cache/R/reticulate/uv/cache/builds-v0/.tmp93ubZU/bin/python': No such file.
It looks like this package (or a package it requires) has a startup
message which cannot be suppressed: see ?packageStartupMessage.
Flavor: r-devel-linux-x86_64-debian-gcc
Version: 1.0.6
Check: R code for possible problems
Result: NOTE
Error in python_config_impl(python) :
Error running '/tmp/check-CRAN-regular-hornik/cache/R/reticulate/uv/cache/builds-v0/.tmpmnbEzz/bin/python': No such file.
Error in python_config_impl(python) :
Error running '/tmp/check-CRAN-regular-hornik/cache/R/reticulate/uv/cache/builds-v0/.tmpabatja/bin/python': No such file.
Error in python_config_impl(python) :
Error running '/tmp/check-CRAN-regular-hornik/cache/R/reticulate/uv/cache/builds-v0/.tmpDf35iO/bin/python': No such file.
Error in python_config_impl(python) :
Error running '/tmp/check-CRAN-regular-hornik/cache/R/reticulate/uv/cache/builds-v0/.tmp2v780n/bin/python': No such file.
Flavor: r-devel-linux-x86_64-debian-gcc