CRAN Package Check Results for Package sirus

Last updated on 2025-11-28 07:48:59 CET.

Flavor Version Tinstall Tcheck Ttotal Status Flags
r-devel-linux-x86_64-debian-clang 0.3.3 76.92 115.96 192.88 NOTE
r-devel-linux-x86_64-debian-gcc 0.3.3 55.73 85.51 141.24 NOTE
r-devel-linux-x86_64-fedora-clang 0.3.3 38.00 106.75 144.75 ERROR
r-devel-linux-x86_64-fedora-gcc 0.3.3 108.00 9.78 117.78 ERROR
r-devel-windows-x86_64 0.3.3 112.00 132.00 244.00 NOTE
r-patched-linux-x86_64 0.3.3 80.52 111.74 192.26 NOTE
r-release-linux-x86_64 0.3.3 82.22 111.46 193.68 NOTE
r-release-macos-arm64 0.3.3 NOTE
r-release-macos-x86_64 0.3.3 33.00 80.00 113.00 NOTE
r-release-windows-x86_64 0.3.3 94.00 152.00 246.00 NOTE
r-oldrel-macos-arm64 0.3.3 NOTE
r-oldrel-macos-x86_64 0.3.3 30.00 68.00 98.00 NOTE
r-oldrel-windows-x86_64 0.3.3 108.00 173.00 281.00 NOTE

Check Details

Version: 0.3.3
Check: CRAN incoming feasibility
Result: NOTE Maintainer: ‘Clement Benard <clement.benard5@gmail.com>’ No Authors@R field in DESCRIPTION. Please add one, modifying Authors@R: c(person(given = "Clement", family = "Benard", role = c("aut", "cre"), email = "clement.benard5@gmail.com"), person(given = c("Marvin", "N."), family = "Wright", role = c("ctb", "cph"))) as necessary. Flavors: r-devel-linux-x86_64-debian-clang, r-devel-linux-x86_64-debian-gcc

Version: 0.3.3
Check: C++ specification
Result: NOTE Specified C++11: please drop specification unless essential Flavors: r-devel-linux-x86_64-debian-clang, r-devel-windows-x86_64, r-patched-linux-x86_64, r-release-linux-x86_64, r-release-macos-arm64, r-release-macos-x86_64, r-release-windows-x86_64, r-oldrel-macos-arm64, r-oldrel-macos-x86_64, r-oldrel-windows-x86_64

Version: 0.3.3
Check: C++ specification
Result: NOTE Specified C++11: support will be removed soon Flavor: r-devel-linux-x86_64-debian-gcc

Version: 0.3.3
Check: whether package can be installed
Result: ERROR Installation failed. Flavors: r-devel-linux-x86_64-fedora-clang, r-devel-linux-x86_64-fedora-gcc

Version: 0.3.3
Check: installed package size
Result: NOTE installed size is 7.3Mb sub-directories of 1Mb or more: libs 7.0Mb Flavors: r-oldrel-macos-arm64, r-oldrel-macos-x86_64