CRAN Package Check Results for Package siie

Last updated on 2025-10-08 08:49:53 CEST.

Flavor Version Tinstall Tcheck Ttotal Status Flags
r-devel-linux-x86_64-debian-clang 0.4.0 2.05 41.44 43.49 NOTE
r-devel-linux-x86_64-debian-gcc 0.4.0 1.67 34.11 35.78 NOTE
r-devel-linux-x86_64-fedora-clang 0.4.0 59.42 NOTE
r-devel-linux-x86_64-fedora-gcc 0.4.0 72.22 NOTE
r-devel-windows-x86_64 0.4.0 4.00 53.00 57.00 NOTE
r-patched-linux-x86_64 0.4.0 1.91 42.42 44.33 NOTE
r-release-linux-x86_64 0.4.0 1.98 40.51 42.49 NOTE
r-release-macos-arm64 0.4.0 34.00 NOTE
r-release-macos-x86_64 0.4.0 51.00 NOTE
r-release-windows-x86_64 0.4.0 3.00 53.00 56.00 NOTE
r-oldrel-macos-arm64 0.4.0 27.00 OK
r-oldrel-macos-x86_64 0.4.0 41.00 OK
r-oldrel-windows-x86_64 0.4.0 4.00 60.00 64.00 OK

Check Details

Version: 0.4.0
Check: DESCRIPTION meta-information
Result: NOTE Missing dependency on R >= 4.1.0 because package code uses the pipe |> or function shorthand \(...) syntax added in R 4.1.0. File(s) using such syntax: ‘p_sie.R’ ‘prp.R’ ‘siie.R’ Flavors: r-devel-linux-x86_64-debian-clang, r-devel-linux-x86_64-debian-gcc, r-devel-linux-x86_64-fedora-clang, r-devel-linux-x86_64-fedora-gcc, r-devel-windows-x86_64, r-patched-linux-x86_64, r-release-linux-x86_64, r-release-macos-arm64, r-release-macos-x86_64, r-release-windows-x86_64