Last updated on 2025-07-22 08:48:44 CEST.
Flavor | Version | Tinstall | Tcheck | Ttotal | Status | Flags |
---|---|---|---|---|---|---|
r-devel-linux-x86_64-debian-clang | 1.0.1 | 85.03 | 68.36 | 153.39 | OK | |
r-devel-linux-x86_64-debian-gcc | 1.0.1 | 60.75 | 46.86 | 107.61 | OK | |
r-devel-linux-x86_64-fedora-clang | 1.0.1 | 249.60 | OK | |||
r-devel-linux-x86_64-fedora-gcc | 1.0.1 | 247.48 | OK | |||
r-devel-windows-x86_64 | 1.0.1 | 85.00 | 107.00 | 192.00 | OK | |
r-patched-linux-x86_64 | 1.0.1 | 80.82 | 64.76 | 145.58 | OK | |
r-release-linux-x86_64 | 1.0.1 | 82.54 | 64.63 | 147.17 | OK | |
r-release-macos-arm64 | 1.0.1 | 63.00 | OK | |||
r-release-macos-x86_64 | 1.0.1 | 101.00 | OK | |||
r-release-windows-x86_64 | 1.0.1 | 84.00 | 102.00 | 186.00 | OK | |
r-oldrel-macos-arm64 | 1.0.1 | 79.00 | NOTE | |||
r-oldrel-macos-x86_64 | 1.0.1 | 126.00 | NOTE | |||
r-oldrel-windows-x86_64 | 1.0.1 | 103.00 | 128.00 | 231.00 | OK |
Version: 1.0.1
Check: installed package size
Result: NOTE
installed size is 6.1Mb
sub-directories of 1Mb or more:
libs 5.9Mb
Flavors: r-oldrel-macos-arm64, r-oldrel-macos-x86_64