Last updated on 2025-10-24 19:50:44 CEST.
| Flavor | Version | Tinstall | Tcheck | Ttotal | Status | Flags |
|---|---|---|---|---|---|---|
| r-devel-linux-x86_64-debian-clang | 3.0 | 1.88 | 19.11 | 20.99 | NOTE | |
| r-devel-linux-x86_64-debian-gcc | 3.0 | 1.49 | 15.84 | 17.33 | NOTE | |
| r-devel-linux-x86_64-fedora-clang | 3.0 | 30.61 | OK | |||
| r-devel-linux-x86_64-fedora-gcc | 3.0 | 30.08 | OK | |||
| r-devel-windows-x86_64 | 3.0 | 3.00 | 44.00 | 47.00 | OK | |
| r-patched-linux-x86_64 | 3.0 | 2.01 | 18.00 | 20.01 | OK | |
| r-release-linux-x86_64 | 3.0 | 1.71 | 17.98 | 19.69 | OK | |
| r-release-macos-arm64 | 3.0 | 1.00 | 16.00 | 17.00 | OK | |
| r-release-macos-x86_64 | 3.0 | 2.00 | 24.00 | 26.00 | OK | |
| r-release-windows-x86_64 | 3.0 | 4.00 | 40.00 | 44.00 | OK | |
| r-oldrel-macos-arm64 | 3.0 | 1.00 | 15.00 | 16.00 | OK | |
| r-oldrel-macos-x86_64 | 3.0 | 2.00 | 28.00 | 30.00 | OK | |
| r-oldrel-windows-x86_64 | 3.0 | 5.00 | 43.00 | 48.00 | OK |
Version: 3.0
Check: CRAN incoming feasibility
Result: NOTE
Maintainer: ‘Yixuan Qiu <yixuan.qiu@cos.name>’
No Authors@R field in DESCRIPTION.
Please add one, modifying
Authors@R: c(person(given = "Yixuan",
family = "Qiu",
role = c("aut", "cre"),
email = "yixuan.qiu@cos.name"),
person(given = c("authors/contributors", "of", "the", "included", "fonts.", "See", "file", "AUTHORS", "for"),
family = "details.",
role = "aut"))
as necessary.
Flavors: r-devel-linux-x86_64-debian-clang, r-devel-linux-x86_64-debian-gcc