CRAN Package Check Results for Package shinyMatrix

Last updated on 2025-10-28 18:50:04 CET.

Flavor Version Tinstall Tcheck Ttotal Status Flags
r-devel-linux-x86_64-debian-clang 0.8.0 3.65 34.42 38.07 NOTE
r-devel-linux-x86_64-debian-gcc 0.8.0 2.73 26.89 29.62 NOTE
r-devel-linux-x86_64-fedora-clang 0.8.0 55.06 OK
r-devel-linux-x86_64-fedora-gcc 0.8.0 54.40 OK
r-devel-windows-x86_64 0.8.0 5.00 50.00 55.00 OK
r-patched-linux-x86_64 0.8.0 3.16 31.68 34.84 OK
r-release-linux-x86_64 0.8.0 3.31 31.54 34.85 OK
r-release-macos-arm64 0.8.0 2.00 22.00 24.00 OK
r-release-macos-x86_64 0.8.0 5.00 43.00 48.00 OK
r-release-windows-x86_64 0.8.0 5.00 52.00 57.00 OK
r-oldrel-macos-arm64 0.8.0 2.00 19.00 21.00 OK
r-oldrel-macos-x86_64 0.8.0 3.00 29.00 32.00 OK
r-oldrel-windows-x86_64 0.8.0 7.00 59.00 66.00 OK

Check Details

Version: 0.8.0
Check: CRAN incoming feasibility
Result: NOTE Maintainer: ‘Andreas Neudecker <andreas.neudecker@inwt-statistics.de>’ No Authors@R field in DESCRIPTION. Please add one, modifying Authors@R: person(given = "Andreas", family = "Neudecker", role = c("aut", "cre"), email = "andreas.neudecker@inwt-statistics.de") as necessary. Flavors: r-devel-linux-x86_64-debian-clang, r-devel-linux-x86_64-debian-gcc