Last updated on 2025-10-29 07:50:50 CET.
| Flavor | Version | Tinstall | Tcheck | Ttotal | Status | Flags |
|---|---|---|---|---|---|---|
| r-devel-linux-x86_64-debian-clang | 1.0-1 | 7.96 | 88.03 | 95.99 | NOTE | |
| r-devel-linux-x86_64-debian-gcc | 1.0-1 | 6.25 | 62.91 | 69.16 | NOTE | |
| r-devel-linux-x86_64-fedora-clang | 1.0-2 | 27.00 | 117.24 | 144.24 | OK | |
| r-devel-linux-x86_64-fedora-gcc | 1.0-2 | 23.00 | 114.31 | 137.31 | OK | |
| r-devel-windows-x86_64 | 1.0-1 | 10.00 | 96.00 | 106.00 | NOTE | |
| r-patched-linux-x86_64 | 1.0-1 | 9.93 | 83.04 | 92.97 | NOTE | |
| r-release-linux-x86_64 | 1.0-1 | 8.86 | 84.62 | 93.48 | NOTE | |
| r-release-macos-arm64 | 1.0-2 | 4.00 | 39.00 | 43.00 | OK | |
| r-release-macos-x86_64 | 1.0-2 | 20.00 | 137.00 | 157.00 | OK | |
| r-release-windows-x86_64 | 1.0-2 | 10.00 | 101.00 | 111.00 | OK | |
| r-oldrel-macos-arm64 | 1.0-2 | 4.00 | 43.00 | 47.00 | OK | |
| r-oldrel-macos-x86_64 | 1.0-2 | 22.00 | 178.00 | 200.00 | OK | |
| r-oldrel-windows-x86_64 | 1.0-1 | 15.00 | 122.00 | 137.00 | OK |
Version: 1.0-1
Check: Rd cross-references
Result: NOTE
Found the following Rd file(s) with Rd \link{} targets missing package
anchors:
cluster.plot.Rd: vegan
detect.outline.Rd: pixmap
generateShapeCoefficients.Rd: wd, wavethresh
plotWaveletShape.Rd: wavethresh
Please provide package anchors for all Rd \link{} targets not in the
package itself and the base packages.
Flavors: r-devel-linux-x86_64-debian-clang, r-devel-linux-x86_64-debian-gcc, r-devel-windows-x86_64, r-patched-linux-x86_64, r-release-linux-x86_64