Last updated on 2025-10-30 18:50:04 CET.
| Flavor | Version | Tinstall | Tcheck | Ttotal | Status | Flags | 
|---|---|---|---|---|---|---|
| r-devel-linux-x86_64-debian-clang | 0.1.7 | 15.31 | 131.30 | 146.61 | NOTE | |
| r-devel-linux-x86_64-debian-gcc | 0.1.7 | 10.24 | 98.05 | 108.29 | NOTE | |
| r-devel-linux-x86_64-fedora-clang | 0.1.7 | 165.00 | 77.39 | 242.39 | NOTE | |
| r-devel-linux-x86_64-fedora-gcc | 0.1.7 | 73.00 | 174.15 | 247.15 | NOTE | |
| r-devel-windows-x86_64 | 0.1.7 | 13.00 | 124.00 | 137.00 | NOTE | |
| r-patched-linux-x86_64 | 0.1.7 | 13.45 | 119.74 | 133.19 | NOTE | |
| r-release-linux-x86_64 | 0.1.7 | 14.17 | 125.08 | 139.25 | NOTE | |
| r-release-macos-arm64 | 0.1.7 | 7.00 | 65.00 | 72.00 | NOTE | |
| r-release-macos-x86_64 | 0.1.7 | 21.00 | 138.00 | 159.00 | NOTE | |
| r-release-windows-x86_64 | 0.1.7 | 15.00 | 125.00 | 140.00 | NOTE | |
| r-oldrel-macos-arm64 | 0.1.7 | 7.00 | 57.00 | 64.00 | OK | |
| r-oldrel-macos-x86_64 | 0.1.7 | 10.00 | 90.00 | 100.00 | OK | |
| r-oldrel-windows-x86_64 | 0.1.7 | 15.00 | 168.00 | 183.00 | OK | 
Version: 0.1.7
Check: DESCRIPTION meta-information
Result: NOTE
    Missing dependency on R >= 4.1.0 because package code uses the pipe
    |> or function shorthand \(...) syntax added in R 4.1.0.
    File(s) using such syntax:
      ‘consensus.R’
Flavors: r-devel-linux-x86_64-debian-clang, r-devel-linux-x86_64-debian-gcc, r-devel-linux-x86_64-fedora-clang, r-devel-linux-x86_64-fedora-gcc, r-devel-windows-x86_64, r-patched-linux-x86_64, r-release-linux-x86_64, r-release-macos-arm64, r-release-macos-x86_64, r-release-windows-x86_64