CRAN Package Check Results for Package seasonal

Last updated on 2025-10-21 19:51:37 CEST.

Flavor Version Tinstall Tcheck Ttotal Status Flags
r-devel-linux-x86_64-debian-clang 1.10.0 5.47 74.86 80.33 NOTE
r-devel-linux-x86_64-debian-gcc 1.10.0 3.88 55.46 59.34 NOTE
r-devel-linux-x86_64-fedora-clang 1.10.0 12.00 111.72 123.72 NOTE
r-devel-linux-x86_64-fedora-gcc 1.10.0 15.00 119.58 134.58 NOTE
r-devel-windows-x86_64 1.10.0 9.00 129.00 138.00 NOTE
r-patched-linux-x86_64 1.10.0 6.35 72.47 78.82 NOTE
r-release-linux-x86_64 1.10.0 5.53 73.33 78.86 NOTE
r-release-macos-arm64 1.10.0 2.00 49.00 51.00 NOTE
r-release-macos-x86_64 1.10.0 4.00 77.00 81.00 NOTE
r-release-windows-x86_64 1.10.0 10.00 132.00 142.00 NOTE
r-oldrel-macos-arm64 1.10.0 2.00 41.00 43.00 OK
r-oldrel-macos-x86_64 1.10.0 7.00 115.00 122.00 OK
r-oldrel-windows-x86_64 1.10.0 9.00 144.00 153.00 OK

Check Details

Version: 1.10.0
Check: DESCRIPTION meta-information
Result: NOTE Missing dependency on R >= 4.1.0 because package code uses the pipe |> or function shorthand \(...) syntax added in R 4.1.0. File(s) using such syntax: ‘series.R’ Flavors: r-devel-linux-x86_64-debian-clang, r-devel-linux-x86_64-debian-gcc, r-devel-linux-x86_64-fedora-clang, r-devel-linux-x86_64-fedora-gcc, r-devel-windows-x86_64, r-patched-linux-x86_64, r-release-linux-x86_64, r-release-macos-arm64, r-release-macos-x86_64, r-release-windows-x86_64