Last updated on 2025-10-21 19:51:37 CEST.
Flavor | Version | Tinstall | Tcheck | Ttotal | Status | Flags |
---|---|---|---|---|---|---|
r-devel-linux-x86_64-debian-clang | 0.3.16 | 11.01 | 374.50 | 385.51 | NOTE | |
r-devel-linux-x86_64-debian-gcc | 0.3.16 | 8.53 | 207.63 | 216.16 | NOTE | |
r-devel-linux-x86_64-fedora-clang | 0.3.16 | 25.00 | 585.71 | 610.71 | OK | |
r-devel-linux-x86_64-fedora-gcc | 0.3.16 | 32.00 | 586.96 | 618.96 | OK | |
r-devel-windows-x86_64 | 0.3.16 | 14.00 | 303.00 | 317.00 | OK | |
r-patched-linux-x86_64 | 0.3.16 | 13.86 | 356.19 | 370.05 | OK | |
r-release-linux-x86_64 | 0.3.16 | 11.78 | 356.60 | 368.38 | OK | |
r-release-macos-arm64 | 0.3.16 | 5.00 | 102.00 | 107.00 | OK | |
r-release-macos-x86_64 | 0.3.16 | 14.00 | 341.00 | 355.00 | OK | |
r-release-windows-x86_64 | 0.3.16 | 15.00 | 306.00 | 321.00 | OK | |
r-oldrel-macos-arm64 | 0.3.16 | 5.00 | 111.00 | 116.00 | OK | |
r-oldrel-macos-x86_64 | 0.3.16 | 15.00 | 348.00 | 363.00 | OK | |
r-oldrel-windows-x86_64 | 0.3.16 | 19.00 | 460.00 | 479.00 | OK |
Version: 0.3.16
Check: HTML version of manual
Result: NOTE
Found the following HTML validation problems:
print.monthglm.html:51:1 (print.monthglm.Rd:12): Warning: missing </ul> before </div>
print.summary.Cosinor.html:51:1 (print.summary.Cosinor.Rd:12): Warning: missing </ul> before </div>
print.summary.monthglm.html:52:1 (print.summary.monthglm.Rd:13): Warning: missing </ul> before </div>
print.summary.nscosinor.html:52:1 (print.summary.nscosinor.Rd:13): Warning: missing </ul> before </div>
rinvgamma.html:49:1 (rinvgamma.Rd:11): Warning: missing </ul> before </div>
Flavors: r-devel-linux-x86_64-debian-clang, r-devel-linux-x86_64-debian-gcc