Last updated on 2025-11-04 07:50:07 CET.
| Flavor | Version | Tinstall | Tcheck | Ttotal | Status | Flags | 
|---|---|---|---|---|---|---|
| r-devel-linux-x86_64-debian-clang | 0.2 | 22.16 | 26.81 | 48.97 | NOTE | |
| r-devel-linux-x86_64-debian-gcc | 0.2 | 15.00 | 21.92 | 36.92 | NOTE | |
| r-devel-linux-x86_64-fedora-clang | 0.2 | 55.00 | 29.21 | 84.21 | NOTE | |
| r-devel-linux-x86_64-fedora-gcc | 0.2 | 41.00 | 37.95 | 78.95 | NOTE | |
| r-devel-windows-x86_64 | 0.2 | 26.00 | 60.00 | 86.00 | OK | |
| r-patched-linux-x86_64 | 0.2 | 21.05 | 26.85 | 47.90 | OK | |
| r-release-linux-x86_64 | 0.2 | 22.59 | 26.77 | 49.36 | OK | |
| r-release-macos-arm64 | 0.2 | 9.00 | 22.00 | 31.00 | OK | |
| r-release-macos-x86_64 | 0.2 | 14.00 | 28.00 | 42.00 | OK | |
| r-release-windows-x86_64 | 0.2 | 26.00 | 60.00 | 86.00 | OK | |
| r-oldrel-macos-arm64 | 0.2 | 10.00 | 19.00 | 29.00 | OK | |
| r-oldrel-macos-x86_64 | 0.2 | 13.00 | 24.00 | 37.00 | OK | |
| r-oldrel-windows-x86_64 | 0.2 | 32.00 | 82.00 | 114.00 | OK | 
Version: 0.2
Check: CRAN incoming feasibility
Result: NOTE
  Maintainer: ‘Arash A. Amini <amini.aa@gmail.com>’
  
  No Authors@R field in DESCRIPTION.
  Please add one, modifying
    Authors@R: person(given = c("Arash", "A."),
                      family = "Amini",
                      role = c("aut", "cre"),
                      email = "amini.aa@gmail.com")
  as necessary.
  
  Found the following \keyword or \concept entries
  which likely give several index terms:
    File ‘sbmSDP-package.Rd’:
      \keyword{ 
        community detection
        stochastic block mo [TRUNCATED]
Flavors: r-devel-linux-x86_64-debian-clang, r-devel-linux-x86_64-debian-gcc
Version: 0.2
Check: compiled code
Result: NOTE
  File ‘sbmSDP/libs/sbmSDP.so’:
    Found no calls to: ‘R_registerRoutines’, ‘R_useDynamicSymbols’
  
  It is good practice to register native routines and to disable symbol
  search.
  
  See ‘Writing portable packages’ in the ‘Writing R Extensions’ manual.
Flavors: r-devel-linux-x86_64-fedora-clang, r-devel-linux-x86_64-fedora-gcc