CRAN Package Check Results for Package samplesizelogisticcasecontrol

Last updated on 2025-11-28 07:48:58 CET.

Flavor Version Tinstall Tcheck Ttotal Status Flags
r-devel-linux-x86_64-debian-clang 2.0.2 7.04 49.79 56.83 NOTE
r-devel-linux-x86_64-debian-gcc 2.0.2 4.26 36.61 40.87 NOTE
r-devel-linux-x86_64-fedora-clang 2.0.2 14.00 72.18 86.18 OK
r-devel-linux-x86_64-fedora-gcc 2.0.2 41.00 63.12 104.12 OK
r-devel-windows-x86_64 2.0.2 9.00 74.00 83.00 OK
r-patched-linux-x86_64 2.0.2 7.61 47.13 54.74 OK
r-release-linux-x86_64 2.0.2 6.38 46.37 52.75 OK
r-release-macos-arm64 2.0.2 OK
r-release-macos-x86_64 2.0.2 4.00 60.00 64.00 OK
r-release-windows-x86_64 2.0.2 7.00 91.00 98.00 OK
r-oldrel-macos-arm64 2.0.2 OK
r-oldrel-macos-x86_64 2.0.2 4.00 45.00 49.00 OK
r-oldrel-windows-x86_64 2.0.2 7.00 78.00 85.00 OK

Check Details

Version: 2.0.2
Check: CRAN incoming feasibility
Result: NOTE Maintainer: ‘William Wheeler <WheelerB@imsweb.com>’ No Authors@R field in DESCRIPTION. Please add one, modifying Authors@R: c(person(given = c("Mitchell", "H."), family = "Gail", role = "aut"), person(given = "William", family = "Wheeler", role = "cre", email = "WheelerB@imsweb.com")) as necessary. Flavors: r-devel-linux-x86_64-debian-clang, r-devel-linux-x86_64-debian-gcc