Last updated on 2025-10-30 18:50:03 CET.
| Flavor | Version | Tinstall | Tcheck | Ttotal | Status | Flags | 
|---|---|---|---|---|---|---|
| r-devel-linux-x86_64-debian-clang | 0.2.6.1 | 42.82 | 32.48 | 75.30 | NOTE | |
| r-devel-linux-x86_64-debian-gcc | 0.2.6.1 | 34.93 | 25.73 | 60.66 | NOTE | |
| r-devel-linux-x86_64-fedora-clang | 0.2.6.1 | 57.00 | 62.79 | 119.79 | NOTE | |
| r-devel-linux-x86_64-fedora-gcc | 0.2.6.1 | 84.00 | 55.02 | 139.02 | NOTE | |
| r-devel-windows-x86_64 | 0.2.6.1 | 43.00 | 81.00 | 124.00 | NOTE | |
| r-patched-linux-x86_64 | 0.2.6.1 | 50.82 | 29.09 | 79.91 | NOTE | |
| r-release-linux-x86_64 | 0.2.6.1 | 51.30 | 29.18 | 80.48 | NOTE | |
| r-release-macos-arm64 | 0.2.6.1 | 23.00 | 24.00 | 47.00 | NOTE | |
| r-release-macos-x86_64 | 0.2.6.1 | 27.00 | 44.00 | 71.00 | NOTE | |
| r-release-windows-x86_64 | 0.2.6.1 | 42.00 | 80.00 | 122.00 | NOTE | |
| r-oldrel-macos-arm64 | 0.2.6.1 | 19.00 | 19.00 | 38.00 | NOTE | |
| r-oldrel-macos-x86_64 | 0.2.6.1 | 16.00 | 27.00 | 43.00 | NOTE | |
| r-oldrel-windows-x86_64 | 0.2.6.1 | 41.00 | 86.00 | 127.00 | NOTE | 
Version: 0.2.6.1
Check: CRAN incoming feasibility
Result: NOTE
  Maintainer: ‘Paul Saary <rtk@paulsaary.de>’
  
  No Authors@R field in DESCRIPTION.
  Please add one, modifying
    Authors@R: c(person(given = "Paul",
                        family = "Saary",
                        role = c("aut", "cre"),
                        email = "rtk@paulsaary.de"),
                 person(given = "Falk",
                        family = "Hildebrand",
                        role = "aut"))
  as necessary.
Flavors: r-devel-linux-x86_64-debian-clang, r-devel-linux-x86_64-debian-gcc
Version: 0.2.6.1
Check: C++ specification
Result: NOTE
    Specified C++11: please drop specification unless essential
Flavors: r-devel-linux-x86_64-debian-clang, r-devel-linux-x86_64-debian-gcc, r-devel-linux-x86_64-fedora-clang, r-devel-linux-x86_64-fedora-gcc, r-devel-windows-x86_64, r-patched-linux-x86_64, r-release-linux-x86_64, r-release-macos-arm64, r-release-macos-x86_64, r-release-windows-x86_64, r-oldrel-macos-arm64, r-oldrel-macos-x86_64, r-oldrel-windows-x86_64
Version: 0.2.6.1
Check: installed package size
Result: NOTE
    installed size is  7.2Mb
    sub-directories of 1Mb or more:
      libs   7.1Mb
Flavors: r-oldrel-macos-arm64, r-oldrel-macos-x86_64