Last updated on 2025-07-27 08:48:40 CEST.
Flavor | Version | Tinstall | Tcheck | Ttotal | Status | Flags |
---|---|---|---|---|---|---|
r-devel-linux-x86_64-debian-clang | 1.6.7 | 204.93 | 159.97 | 364.90 | OK | |
r-devel-linux-x86_64-debian-gcc | 1.6.9 | 147.03 | 113.61 | 260.64 | OK | |
r-devel-linux-x86_64-fedora-clang | 1.6.7 | 621.58 | OK | |||
r-devel-linux-x86_64-fedora-gcc | 1.6.9 | 682.01 | OK | |||
r-devel-windows-x86_64 | 1.6.9 | 197.00 | 242.00 | 439.00 | OK | |
r-patched-linux-x86_64 | 1.6.7 | 208.76 | 151.72 | 360.48 | OK | |
r-release-linux-x86_64 | 1.6.9 | 203.76 | 155.87 | 359.63 | OK | |
r-release-macos-arm64 | 1.6.7 | 165.00 | OK | |||
r-release-macos-x86_64 | 1.6.9 | 265.00 | OK | |||
r-release-windows-x86_64 | 1.6.9 | 171.00 | 229.00 | 400.00 | OK | |
r-oldrel-macos-arm64 | 1.6.7 | 179.00 | NOTE | |||
r-oldrel-macos-x86_64 | 1.6.9 | 260.00 | NOTE | |||
r-oldrel-windows-x86_64 | 1.6.7 | 253.00 | 276.00 | 529.00 | NOTE |
Version: 1.6.7
Check: installed package size
Result: NOTE
installed size is 24.2Mb
sub-directories of 1Mb or more:
libs 21.2Mb
Flavors: r-oldrel-macos-arm64, r-oldrel-windows-x86_64
Version: 1.6.9
Check: installed package size
Result: NOTE
installed size is 25.2Mb
sub-directories of 1Mb or more:
libs 23.0Mb
Flavor: r-oldrel-macos-x86_64