Last updated on 2025-10-29 07:50:49 CET.
| Flavor | Version | Tinstall | Tcheck | Ttotal | Status | Flags |
|---|---|---|---|---|---|---|
| r-devel-linux-x86_64-debian-clang | 1.3 | 127.82 | 26.01 | 153.83 | OK | |
| r-devel-linux-x86_64-debian-gcc | 1.3 | 75.49 | 20.69 | 96.18 | OK | |
| r-devel-linux-x86_64-fedora-clang | 1.3 | 185.00 | 121.32 | 306.32 | OK | |
| r-devel-linux-x86_64-fedora-gcc | 1.3 | 518.00 | -237.52 | 280.48 | OK | |
| r-devel-windows-x86_64 | 1.3 | 147.00 | 66.00 | 213.00 | OK | |
| r-patched-linux-x86_64 | 1.3 | 126.55 | 24.46 | 151.01 | OK | |
| r-release-linux-x86_64 | 1.3 | 120.76 | 24.70 | 145.46 | OK | |
| r-release-macos-arm64 | 1.3 | 43.00 | 14.00 | 57.00 | OK | |
| r-release-macos-x86_64 | 1.3 | 37.00 | 25.00 | 62.00 | OK | |
| r-release-windows-x86_64 | 1.3 | 146.00 | 67.00 | 213.00 | OK | |
| r-oldrel-macos-arm64 | 1.3 | 43.00 | 21.00 | 64.00 | NOTE | |
| r-oldrel-macos-x86_64 | 1.3 | 33.00 | 35.00 | 68.00 | NOTE | |
| r-oldrel-windows-x86_64 | 1.3 | 172.00 | 87.00 | 259.00 | OK |
Version: 1.3
Check: installed package size
Result: NOTE
installed size is 7.1Mb
sub-directories of 1Mb or more:
libs 6.9Mb
Flavors: r-oldrel-macos-arm64, r-oldrel-macos-x86_64