CRAN Package Check Results for Package rjqpd

Last updated on 2025-10-28 18:50:02 CET.

Flavor Version Tinstall Tcheck Ttotal Status Flags
r-devel-linux-x86_64-debian-clang 0.2.3 2.04 23.07 25.11 OK
r-devel-linux-x86_64-debian-gcc 0.2.3 1.54 19.23 20.77 OK
r-devel-linux-x86_64-fedora-clang 0.2.3 35.39 OK
r-devel-linux-x86_64-fedora-gcc 0.2.3 35.59 OK
r-devel-windows-x86_64 0.2.3 3.00 41.00 44.00 OK
r-patched-linux-x86_64 0.2.3 2.26 20.61 22.87 OK
r-release-linux-x86_64 0.2.3 1.93 20.65 22.58 OK
r-release-macos-arm64 0.2.3 1.00 16.00 17.00 OK
r-release-macos-x86_64 0.2.3 2.00 24.00 26.00 OK
r-release-windows-x86_64 0.2.3 4.00 44.00 48.00 OK
r-oldrel-macos-arm64 0.2.3 1.00 13.00 14.00 NOTE
r-oldrel-macos-x86_64 0.2.3 2.00 20.00 22.00 NOTE
r-oldrel-windows-x86_64 0.2.3 4.00 48.00 52.00 NOTE

Check Details

Version: 0.2.3
Check: LazyData
Result: NOTE 'LazyData' is specified without a 'data' directory Flavors: r-oldrel-macos-arm64, r-oldrel-macos-x86_64, r-oldrel-windows-x86_64