CRAN Package Check Results for Package ridigbio

Last updated on 2025-09-30 20:50:50 CEST.

Flavor Version Tinstall Tcheck Ttotal Status Flags
r-devel-linux-x86_64-debian-clang 0.4.1 2.59 220.33 222.92 OK
r-devel-linux-x86_64-debian-gcc 0.4.1 1.87 140.93 142.80 OK
r-devel-linux-x86_64-fedora-clang 0.4.1 326.28 OK
r-devel-linux-x86_64-fedora-gcc 0.4.1 340.02 OK
r-devel-windows-x86_64 0.4.1 5.00 376.00 381.00 OK
r-patched-linux-x86_64 0.4.1 2.85 216.62 219.47 OK
r-release-linux-x86_64 0.4.1 2.58 207.41 209.99 OK
r-release-macos-arm64 0.4.1 260.00 OK
r-release-macos-x86_64 0.4.1 461.00 OK
r-release-windows-x86_64 0.4.1 6.00 137.00 143.00 ERROR
r-oldrel-macos-arm64 0.4.1 106.00 OK
r-oldrel-macos-x86_64 0.4.1 219.00 OK
r-oldrel-windows-x86_64 0.4.1 7.00 389.00 396.00 OK

Check Details

Version: 0.4.1
Check: re-building of vignette outputs
Result: ERROR Error(s) in re-building vignettes: --- re-building 'BadCoordinateID.Rmd' using rmarkdown --- finished re-building 'BadCoordinateID.Rmd' --- re-building 'BasicUsage.Rmd' using rmarkdown error in vignette: object 'galax_media' not founderror in vignette: object 'galax_media2' not found--- finished re-building 'BasicUsage.Rmd' --- re-building 'Fields.Rmd' using rmarkdown Quitting from Fields.Rmd:179-188 [unnamed-chunk-12] ~~~~~~~~~~~~~~~~~~~~~~~~~~~~~~~~~~~~~~~~~~~~~~~~~~~~~~~~~~~~~~~~~~~~~~~~~~~~~~~~ <error/rlang_error> Error: ! HTTP failure: 503 Error message from API server: {"error":"Internal Server Error"} --- Backtrace: ▆ 1. └─ridigbio::idig_search_media(...) 2. └─ridigbio::idig_search(...) 3. └─ridigbio:::idig_POST(paste0("search/", type), body = query, ...) 4. └─ridigbio:::idig_check(req) 5. └─base::tryCatch(...) 6. └─base (local) tryCatchList(expr, classes, parentenv, handlers) 7. └─base (local) tryCatchOne(expr, names, parentenv, handlers[[1L]]) 8. └─value[[3L]](cond) ~~~~~~~~~~~~~~~~~~~~~~~~~~~~~~~~~~~~~~~~~~~~~~~~~~~~~~~~~~~~~~~~~~~~~~~~~~~~~~~~ Error: processing vignette 'Fields.Rmd' failed with diagnostics: HTTP failure: 503 Error message from API server: {"error":"Internal Server Error"} --- failed re-building 'Fields.Rmd' --- re-building 'FindTissue.Rmd' using rmarkdown Quitting from FindTissue.Rmd:58-75 [unnamed-chunk-3] ~~~~~~~~~~~~~~~~~~~~~~~~~~~~~~~~~~~~~~~~~~~~~~~~~~~~~~~~~~~~~~~~~~~~~~~~~~~~~~~~ <error/rlang_error> Error: ! HTTP failure: 503 Error message from API server: {"error":"Internal Server Error"} --- Backtrace: ▆ 1. └─ridigbio::idig_search_records(...) 2. └─ridigbio::idig_search(...) 3. └─ridigbio:::idig_POST(paste0("search/", type), body = query, ...) 4. └─ridigbio:::idig_check(req) 5. └─base::tryCatch(...) 6. └─base (local) tryCatchList(expr, classes, parentenv, handlers) 7. └─base (local) tryCatchOne(expr, names, parentenv, handlers[[1L]]) 8. └─value[[3L]](cond) ~~~~~~~~~~~~~~~~~~~~~~~~~~~~~~~~~~~~~~~~~~~~~~~~~~~~~~~~~~~~~~~~~~~~~~~~~~~~~~~~ Error: processing vignette 'FindTissue.Rmd' failed with diagnostics: HTTP failure: 503 Error message from API server: {"error":"Internal Server Error"} --- failed re-building 'FindTissue.Rmd' --- re-building 'IDDataFlags.Rmd' using rmarkdown --- finished re-building 'IDDataFlags.Rmd' --- re-building 'MediaAPIDemo.Rmd' using rmarkdown --- finished re-building 'MediaAPIDemo.Rmd' --- re-building 'ModifiedDataID.Rmd' using rmarkdown --- finished re-building 'ModifiedDataID.Rmd' --- re-building 'RecordAPIDemo.Rmd' using rmarkdown --- finished re-building 'RecordAPIDemo.Rmd' --- re-building 'ridigbio.Rmd' using rmarkdown --- finished re-building 'ridigbio.Rmd' SUMMARY: processing the following files failed: 'Fields.Rmd' 'FindTissue.Rmd' Error: Vignette re-building failed. Execution halted Flavor: r-release-windows-x86_64