CRAN Package Check Results for Package rgsp

Last updated on 2025-10-08 20:49:32 CEST.

Flavor Version Tinstall Tcheck Ttotal Status Flags
r-devel-linux-x86_64-debian-clang 0.2.0 4.19 34.68 38.87 OK
r-devel-linux-x86_64-debian-gcc 0.2.0 2.86 25.88 28.74 OK
r-devel-linux-x86_64-fedora-clang 0.2.0 58.21 OK
r-devel-linux-x86_64-fedora-gcc 0.2.0 54.23 OK
r-devel-windows-x86_64 0.2.0 8.00 51.00 59.00 OK
r-patched-linux-x86_64 0.2.0 4.21 32.02 36.23 OK
r-release-linux-x86_64 0.2.0 2.99 32.19 35.18 OK
r-release-macos-arm64 0.2.0 21.00 OK
r-release-macos-x86_64 0.2.0 42.00 OK
r-release-windows-x86_64 0.2.0 5.00 51.00 56.00 OK
r-oldrel-macos-arm64 0.2.0 21.00 NOTE
r-oldrel-macos-x86_64 0.2.0 31.00 NOTE
r-oldrel-windows-x86_64 0.2.0 7.00 61.00 68.00 NOTE

Check Details

Version: 0.2.0
Check: LazyData
Result: NOTE 'LazyData' is specified without a 'data' directory Flavors: r-oldrel-macos-arm64, r-oldrel-macos-x86_64, r-oldrel-windows-x86_64