Last updated on 2025-10-29 07:50:48 CET.
| Flavor | Version | Tinstall | Tcheck | Ttotal | Status | Flags | 
|---|---|---|---|---|---|---|
| r-devel-linux-x86_64-debian-clang | 2.1.5 | 3.43 | 37.22 | 40.65 | NOTE | |
| r-devel-linux-x86_64-debian-gcc | 2.1.5 | 2.65 | 27.78 | 30.43 | NOTE | |
| r-devel-linux-x86_64-fedora-clang | 2.1.5 | 59.50 | NOTE | |||
| r-devel-linux-x86_64-fedora-gcc | 2.1.5 | 80.93 | NOTE | |||
| r-devel-windows-x86_64 | 2.1.5 | 4.00 | 58.00 | 62.00 | NOTE | |
| r-patched-linux-x86_64 | 2.1.5 | 3.50 | 33.74 | 37.24 | NOTE | |
| r-release-linux-x86_64 | 2.1.5 | 3.28 | 33.95 | 37.23 | NOTE | |
| r-release-macos-arm64 | 2.1.5 | 1.00 | 32.00 | 33.00 | NOTE | |
| r-release-macos-x86_64 | 2.1.5 | 3.00 | 68.00 | 71.00 | NOTE | |
| r-release-windows-x86_64 | 2.1.5 | 6.00 | 62.00 | 68.00 | NOTE | |
| r-oldrel-macos-arm64 | 2.1.5 | 2.00 | 26.00 | 28.00 | NOTE | |
| r-oldrel-macos-x86_64 | 2.1.5 | 3.00 | 45.00 | 48.00 | NOTE | |
| r-oldrel-windows-x86_64 | 2.1.5 | 7.00 | 73.00 | 80.00 | NOTE | 
Version: 2.1.5
Check: CRAN incoming feasibility
Result: NOTE
  Maintainer: ‘Francesco Napolitano <franapoli@gmail.com>’
  
  No Authors@R field in DESCRIPTION.
  Please add one, modifying
    Authors@R: person(given = "Francesco",
                      family = "Napolitano",
                      role = c("aut", "cre"),
                      email = "franapoli@gmail.com")
  as necessary.
Flavors: r-devel-linux-x86_64-debian-clang, r-devel-linux-x86_64-debian-gcc
Version: 2.1.5
Check: package subdirectories
Result: NOTE
  Problems with news in ‘NEWS.md’:
  No news entries found.
Flavors: r-devel-linux-x86_64-debian-clang, r-devel-linux-x86_64-debian-gcc, r-devel-linux-x86_64-fedora-clang, r-devel-linux-x86_64-fedora-gcc, r-devel-windows-x86_64, r-patched-linux-x86_64, r-release-linux-x86_64, r-release-macos-arm64, r-release-macos-x86_64, r-release-windows-x86_64, r-oldrel-macos-arm64, r-oldrel-macos-x86_64, r-oldrel-windows-x86_64
Version: 2.1.5
Check: Rd files
Result: NOTE
  checkRd: (-1) repo_build.Rd:44-47: Lost braces
      44 | ## chunk "item 1" {
         |                   ^
  checkRd: (-1) repo_dependencies.Rd:48: Lost braces in \itemize; meant \describe ?
  checkRd: (-1) repo_dependencies.Rd:49-50: Lost braces in \itemize; meant \describe ?
  checkRd: (-1) repo_dependencies.Rd:51-53: Lost braces in \itemize; meant \describe ?
Flavors: r-devel-linux-x86_64-debian-clang, r-devel-linux-x86_64-debian-gcc, r-devel-linux-x86_64-fedora-clang, r-devel-linux-x86_64-fedora-gcc, r-devel-windows-x86_64, r-patched-linux-x86_64, r-release-linux-x86_64, r-release-macos-arm64, r-release-macos-x86_64, r-release-windows-x86_64, r-oldrel-macos-arm64, r-oldrel-macos-x86_64, r-oldrel-windows-x86_64